CRAN Package Check Results for Package quadmesh

Last updated on 2021-10-16 04:57:39 CEST.

Flavor Version Tinstall Tcheck Ttotal Status Flags
r-devel-linux-x86_64-debian-clang 0.5.0 24.30 252.68 276.98 OK
r-devel-linux-x86_64-debian-gcc 0.5.0 20.32 187.84 208.16 OK
r-devel-linux-x86_64-fedora-clang 0.5.0 360.89 NOTE
r-devel-linux-x86_64-fedora-gcc 0.5.0 352.52 NOTE
r-devel-windows-x86_64 0.5.0 18.00 112.00 130.00 OK
r-devel-windows-x86_64-gcc10-UCRT 0.5.0 NOTE
r-patched-linux-x86_64 0.5.0 16.81 252.20 269.01 OK
r-patched-solaris-x86 0.5.0 407.60 NOTE
r-release-linux-x86_64 0.5.0 20.28 249.08 269.36 OK
r-release-macos-arm64 0.5.0 NOTE
r-release-macos-x86_64 0.5.0 NOTE
r-release-windows-ix86+x86_64 0.5.0 23.00 136.00 159.00 OK
r-oldrel-macos-x86_64 0.5.0 NOTE
r-oldrel-windows-ix86+x86_64 0.5.0 25.00 136.00 161.00 OK

Check Details

Version: 0.5.0
Check: dependencies in R code
Result: NOTE
    Namespace in Imports field not imported from: ‘viridis’
     All declared Imports should be used.
Flavors: r-devel-linux-x86_64-fedora-clang, r-devel-linux-x86_64-fedora-gcc, r-devel-windows-x86_64-gcc10-UCRT, r-patched-solaris-x86, r-release-macos-arm64, r-release-macos-x86_64, r-oldrel-macos-x86_64

Version: 0.5.0
Check: Rd cross-references
Result: NOTE
    Undeclared package ‘rgl’ in Rd xrefs
Flavor: r-devel-linux-x86_64-fedora-clang