CRAN Package Check Results for Package quantable

Last updated on 2021-09-23 10:53:41 CEST.

Flavor Version Tinstall Tcheck Ttotal Status Flags
r-devel-linux-x86_64-debian-clang 0.3.6 16.30 152.65 168.95 OK
r-devel-linux-x86_64-debian-gcc 0.3.6 12.27 113.37 125.64 OK
r-devel-linux-x86_64-fedora-clang 0.3.6 206.36 OK
r-devel-linux-x86_64-fedora-gcc 0.3.6 194.53 OK
r-devel-windows-x86_64 0.3.6 19.00 146.00 165.00 OK
r-devel-windows-x86_64-gcc10-UCRT 0.3.6 ERROR
r-patched-linux-x86_64 0.3.6 15.56 143.76 159.32 OK
r-patched-solaris-x86 0.3.6 267.40 OK
r-release-linux-x86_64 0.3.6 14.01 143.13 157.14 OK
r-release-macos-arm64 0.3.6 OK
r-release-macos-x86_64 0.3.6 OK
r-release-windows-ix86+x86_64 0.3.6 38.00 147.00 185.00 OK
r-oldrel-macos-x86_64 0.3.6 OK
r-oldrel-windows-ix86+x86_64 0.3.6 29.00 142.00 171.00 OK

Check Details

Version: 0.3.6
Check: PDF version of manual
Result: WARN
    LaTeX errors when creating PDF version.
    This typically indicates Rd problems.
Flavor: r-devel-windows-x86_64-gcc10-UCRT

Version: 0.3.6
Check: PDF version of manual without hyperrefs or index
Result: ERROR
    Re-running with no redirection of stdout/stderr.
Flavor: r-devel-windows-x86_64-gcc10-UCRT