CRAN Package Check Results for Package quanteda.textstats

Last updated on 2021-09-17 13:53:33 CEST.

Flavor Version Tinstall Tcheck Ttotal Status Flags
r-devel-linux-x86_64-debian-clang 0.94.1 103.94 153.97 257.91 OK
r-devel-linux-x86_64-debian-gcc 0.94.1 72.16 114.11 186.27 OK
r-devel-linux-x86_64-fedora-clang 0.94.1 332.28 OK
r-devel-linux-x86_64-fedora-gcc 0.94.1 319.51 OK
r-devel-windows-x86_64 0.94.1 95.00 199.00 294.00 OK
r-devel-windows-x86_64-gcc10-UCRT 0.94.1 OK
r-patched-linux-x86_64 0.94.1 86.14 147.32 233.46 OK
r-patched-solaris-x86 0.94.1 406.90 OK
r-release-linux-x86_64 0.94.1 84.72 147.03 231.75 OK
r-release-macos-arm64 0.94.1 NOTE
r-release-macos-x86_64 0.94.1 OK
r-release-windows-ix86+x86_64 0.94.1 236.00 242.00 478.00 OK
r-oldrel-macos-x86_64 0.94.1 NOTE
r-oldrel-windows-ix86+x86_64 0.94.1 234.00 247.00 481.00 OK

Check Details

Version: 0.94.1
Check: installed package size
Result: NOTE
     installed size is 5.6Mb
     sub-directories of 1Mb or more:
     libs 5.1Mb
Flavor: r-release-macos-arm64

Version: 0.94.1
Check: whether the namespace can be loaded with stated dependencies
Result: NOTE
    Warning in .recacheSubclasses(def@className, def, env) :
     undefined subclass "numericVector" of class "Mnumeric"; definition not updated
    
    A namespace must be able to be loaded with just the base namespace
    loaded: otherwise if the namespace gets loaded by a saved object, the
    session will be unable to start.
    
    Probably some imports need to be declared in the NAMESPACE file.
Flavor: r-oldrel-macos-x86_64