CRAN Package Check Results for Package quantspec

Last updated on 2021-09-22 13:52:58 CEST.

Flavor Version Tinstall Tcheck Ttotal Status Flags
r-devel-linux-x86_64-debian-clang 1.2-3 39.27 186.10 225.37 OK
r-devel-linux-x86_64-debian-gcc 1.2-3 27.17 138.34 165.51 OK
r-devel-linux-x86_64-fedora-clang 1.2-3 284.29 OK
r-devel-linux-x86_64-fedora-gcc 1.2-3 266.17 OK
r-devel-windows-x86_64 1.2-3 37.00 188.00 225.00 OK
r-devel-windows-x86_64-gcc10-UCRT 1.2-3 ERROR
r-patched-linux-x86_64 1.2-3 30.85 178.00 208.85 OK
r-patched-solaris-x86 1.2-3 366.70 OK
r-release-linux-x86_64 1.2-3 31.54 176.39 207.93 OK
r-release-macos-arm64 1.2-3 OK
r-release-macos-x86_64 1.2-3 OK
r-release-windows-ix86+x86_64 1.2-3 88.00 252.00 340.00 OK
r-oldrel-macos-x86_64 1.2-3 OK
r-oldrel-windows-ix86+x86_64 1.2-3 64.00 246.00 310.00 OK

Check Details

Version: 1.2-3
Check: whether package can be installed
Result: ERROR
    Installation failed.
Flavor: r-devel-windows-x86_64-gcc10-UCRT