CRAN Package Check Results for Package quickPlot

Last updated on 2021-10-17 22:48:45 CEST.

Flavor Version Tinstall Tcheck Ttotal Status Flags
r-devel-linux-x86_64-debian-clang 0.1.6 36.50 333.04 369.54 NOTE
r-devel-linux-x86_64-debian-gcc 0.1.6 30.40 249.26 279.66 NOTE
r-devel-linux-x86_64-fedora-clang 0.1.6 447.45 NOTE
r-devel-linux-x86_64-fedora-gcc 0.1.6 246.70 NOTE
r-devel-windows-x86_64 0.1.6 56.00 320.00 376.00 NOTE
r-devel-windows-x86_64-gcc10-UCRT 0.1.6 NOTE
r-patched-linux-x86_64 0.1.6 39.58 315.33 354.91 NOTE
r-patched-solaris-x86 0.1.6 304.20 NOTE
r-release-linux-x86_64 0.1.6 35.53 313.33 348.86 NOTE
r-release-macos-arm64 0.1.6 NOTE
r-release-macos-x86_64 0.1.6 NOTE
r-release-windows-ix86+x86_64 0.1.6 54.00 361.00 415.00 NOTE
r-oldrel-macos-x86_64 0.1.6 NOTE
r-oldrel-windows-ix86+x86_64 0.1.6 51.00 217.00 268.00 NOTE

Check Details

Version: 0.1.6
Check: package dependencies
Result: NOTE
    Package suggested but not available for checking: 'fastshp'
Flavors: r-devel-linux-x86_64-debian-clang, r-devel-linux-x86_64-debian-gcc, r-devel-linux-x86_64-fedora-clang, r-devel-linux-x86_64-fedora-gcc, r-devel-windows-x86_64, r-devel-windows-x86_64-gcc10-UCRT, r-patched-linux-x86_64, r-patched-solaris-x86, r-release-linux-x86_64, r-release-macos-arm64, r-release-macos-x86_64, r-release-windows-ix86+x86_64, r-oldrel-macos-x86_64, r-oldrel-windows-ix86+x86_64