CRAN Package Check Results for Package r2dii.analysis

Last updated on 2021-09-23 01:49:53 CEST.

Flavor Version Tinstall Tcheck Ttotal Status Flags
r-devel-linux-x86_64-debian-clang 0.1.12 4.63 97.11 101.74 OK
r-devel-linux-x86_64-debian-gcc 0.1.12 3.71 69.99 73.70 OK
r-devel-linux-x86_64-fedora-clang 0.1.12 123.42 OK
r-devel-linux-x86_64-fedora-gcc 0.1.12 113.54 OK
r-devel-windows-x86_64 0.1.12 6.00 92.00 98.00 OK
r-devel-windows-x86_64-gcc10-UCRT 0.1.12 ERROR
r-patched-linux-x86_64 0.1.12 4.73 89.21 93.94 OK
r-patched-solaris-x86 0.1.12 143.90 OK
r-release-linux-x86_64 0.1.12 5.08 89.24 94.32 OK
r-release-macos-arm64 0.1.12 OK
r-release-macos-x86_64 0.1.12 OK
r-release-windows-ix86+x86_64 0.1.12 13.00 88.00 101.00 OK
r-oldrel-macos-x86_64 0.1.12 OK
r-oldrel-windows-ix86+x86_64 0.1.12 8.00 85.00 93.00 OK

Check Details

Version: 0.1.12
Check: package dependencies
Result: NOTE
    Packages suggested but not available for checking: 'roxygen2', 'spelling'
Flavor: r-devel-windows-x86_64-gcc10-UCRT

Version: 0.1.12
Check: PDF version of manual
Result: WARN
    LaTeX errors when creating PDF version.
    This typically indicates Rd problems.
Flavor: r-devel-windows-x86_64-gcc10-UCRT

Version: 0.1.12
Check: PDF version of manual without hyperrefs or index
Result: ERROR
    Re-running with no redirection of stdout/stderr.
Flavor: r-devel-windows-x86_64-gcc10-UCRT