CRAN Package Check Results for Package r6extended

Last updated on 2024-07-13 21:44:49 CEST.

Flavor Version Tinstall Tcheck Ttotal Status Flags
r-devel-linux-x86_64-debian-clang 0.1.2 3.50 23.10 26.60 NOTE
r-devel-linux-x86_64-debian-gcc 0.1.2 2.38 18.19 20.57 NOTE
r-devel-linux-x86_64-fedora-clang 0.1.2 35.41 NOTE
r-devel-linux-x86_64-fedora-gcc 0.1.2 31.29 NOTE
r-devel-windows-x86_64 0.1.2 4.00 40.00 44.00 NOTE
r-patched-linux-x86_64 0.1.2 3.24 22.54 25.78 NOTE
r-release-linux-x86_64 0.1.2 3.10 21.99 25.09 NOTE
r-release-macos-arm64 0.1.2 16.00 NOTE
r-release-macos-x86_64 0.1.2 25.00 NOTE
r-release-windows-x86_64 0.1.2 4.00 40.00 44.00 NOTE
r-oldrel-macos-arm64 0.1.2 17.00 NOTE
r-oldrel-macos-x86_64 0.1.2 22.00 NOTE
r-oldrel-windows-x86_64 0.1.2 4.00 40.00 44.00 NOTE

Check Details

Version: 0.1.2
Check: LazyData
Result: NOTE 'LazyData' is specified without a 'data' directory Flavors: r-devel-linux-x86_64-debian-clang, r-devel-linux-x86_64-debian-gcc, r-devel-linux-x86_64-fedora-clang, r-devel-linux-x86_64-fedora-gcc, r-devel-windows-x86_64, r-patched-linux-x86_64, r-release-linux-x86_64, r-release-macos-arm64, r-release-macos-x86_64, r-release-windows-x86_64, r-oldrel-macos-arm64, r-oldrel-macos-x86_64, r-oldrel-windows-x86_64

Version: 0.1.2
Check: Rd cross-references
Result: NOTE Found the following Rd file(s) with Rd \link{} targets missing package anchors: r6extended.Rd: R6Class Please provide package anchors for all Rd \link{} targets not in the package itself and the base packages. Flavor: r-devel-windows-x86_64