CRAN Package Check Results for Package rBeta2009

Last updated on 2024-06-22 10:49:14 CEST.

Flavor Version Tinstall Tcheck Ttotal Status Flags
r-devel-linux-x86_64-debian-clang 1.0 4.39 22.55 26.94 NOTE
r-devel-linux-x86_64-debian-gcc 1.0 3.15 17.69 20.84 NOTE
r-devel-linux-x86_64-fedora-clang 1.0 34.75 NOTE
r-devel-linux-x86_64-fedora-gcc 1.0 32.84 NOTE
r-devel-windows-x86_64 1.0 7.00 44.00 51.00 NOTE
r-patched-linux-x86_64 1.0 3.68 22.27 25.95 NOTE
r-release-linux-x86_64 1.0 3.69 21.10 24.79 NOTE
r-release-macos-arm64 1.0 16.00 NOTE
r-release-macos-x86_64 1.0 23.00 NOTE
r-release-windows-x86_64 1.0 6.00 44.00 50.00 NOTE
r-oldrel-macos-arm64 1.0 19.00 OK
r-oldrel-macos-x86_64 1.0 20.00 OK
r-oldrel-windows-x86_64 1.0 6.00 43.00 49.00 OK

Additional issues

noRemap

Check Details

Version: 1.0
Check: Rd files
Result: NOTE checkRd: (-1) rbeta.Rd:31-32: Lost braces in \itemize; meant \describe ? checkRd: (-1) rbeta.Rd:34: Lost braces in \itemize; meant \describe ? checkRd: (-1) rbeta.Rd:35-37: Lost braces in \itemize; meant \describe ? Flavors: r-devel-linux-x86_64-debian-clang, r-devel-linux-x86_64-debian-gcc, r-devel-linux-x86_64-fedora-clang, r-devel-linux-x86_64-fedora-gcc, r-devel-windows-x86_64, r-patched-linux-x86_64, r-release-linux-x86_64, r-release-macos-arm64, r-release-macos-x86_64, r-release-windows-x86_64

Version: 1.0
Check: Rd cross-references
Result: NOTE Undeclared packages ‘MCMCpack’, ‘gtools’ in Rd xrefs Flavor: r-devel-linux-x86_64-fedora-clang

Version: 1.0
Check: compiled code
Result: NOTE File ‘rBeta2009/libs/rBeta2009.so’: Found no calls to: ‘R_registerRoutines’, ‘R_useDynamicSymbols’ It is good practice to register native routines and to disable symbol search. See ‘Writing portable packages’ in the ‘Writing R Extensions’ manual. Flavors: r-devel-linux-x86_64-fedora-clang, r-devel-linux-x86_64-fedora-gcc