CRAN Package Check Results for Package rBeta2009

Last updated on 2021-09-17 04:49:29 CEST.

Flavor Version Tinstall Tcheck Ttotal Status Flags
r-devel-linux-x86_64-debian-clang 1.0 3.85 21.68 25.53 OK
r-devel-linux-x86_64-debian-gcc 1.0 2.73 16.88 19.61 OK
r-devel-linux-x86_64-fedora-clang 1.0 39.90 NOTE
r-devel-linux-x86_64-fedora-gcc 1.0 28.73 NOTE
r-devel-windows-x86_64 1.0 6.00 28.00 34.00 OK
r-devel-windows-x86_64-gcc10-UCRT 1.0 OK
r-patched-linux-x86_64 1.0 3.56 20.82 24.38 OK
r-patched-solaris-x86 1.0 45.00 OK
r-release-linux-x86_64 1.0 3.47 21.08 24.55 OK
r-release-macos-arm64 1.0 OK
r-release-macos-x86_64 1.0 OK
r-release-windows-ix86+x86_64 1.0 9.00 34.00 43.00 OK
r-oldrel-macos-x86_64 1.0 OK
r-oldrel-windows-ix86+x86_64 1.0 8.00 31.00 39.00 OK

Check Details

Version: 1.0
Check: Rd cross-references
Result: NOTE
    Undeclared packages ‘MCMCpack’, ‘gtools’ in Rd xrefs
Flavor: r-devel-linux-x86_64-fedora-clang

Version: 1.0
Check: compiled code
Result: NOTE
    File ‘rBeta2009/libs/rBeta2009.so’:
     Found no calls to: ‘R_registerRoutines’, ‘R_useDynamicSymbols’
    
    It is good practice to register native routines and to disable symbol
    search.
    
    See ‘Writing portable packages’ in the ‘Writing R Extensions’ manual.
Flavors: r-devel-linux-x86_64-fedora-clang, r-devel-linux-x86_64-fedora-gcc