CRAN Package Check Results for Package rKolada

Last updated on 2021-09-17 22:57:10 CEST.

Flavor Version Tinstall Tcheck Ttotal Status Flags
r-devel-linux-x86_64-debian-clang 0.2.0 3.23 45.63 48.86 NOTE
r-devel-linux-x86_64-debian-gcc 0.2.0 2.47 34.97 37.44 NOTE
r-devel-linux-x86_64-fedora-clang 0.2.0 66.77 NOTE
r-devel-linux-x86_64-fedora-gcc 0.2.0 56.26 NOTE
r-devel-windows-x86_64 0.2.0 5.00 81.00 86.00 NOTE
r-devel-windows-x86_64-gcc10-UCRT 0.2.0 NOTE
r-patched-linux-x86_64 0.2.0 3.20 45.87 49.07 NOTE
r-patched-solaris-x86 0.2.0 86.80 NOTE
r-release-linux-x86_64 0.2.0 2.93 45.25 48.18 NOTE
r-release-macos-arm64 0.2.0 NOTE
r-release-macos-x86_64 0.2.0 NOTE
r-release-windows-ix86+x86_64 0.2.0 6.00 63.00 69.00 NOTE
r-oldrel-macos-x86_64 0.2.0 OK
r-oldrel-windows-ix86+x86_64 0.2.0 12.00 58.00 70.00 OK

Check Details

Version: 0.2.0
Check: LazyData
Result: NOTE
     'LazyData' is specified without a 'data' directory
Flavors: r-devel-linux-x86_64-debian-clang, r-devel-linux-x86_64-debian-gcc, r-devel-linux-x86_64-fedora-clang, r-devel-linux-x86_64-fedora-gcc, r-devel-windows-x86_64, r-devel-windows-x86_64-gcc10-UCRT, r-patched-linux-x86_64, r-patched-solaris-x86, r-release-linux-x86_64, r-release-macos-arm64, r-release-macos-x86_64, r-release-windows-ix86+x86_64