CRAN Package Check Results for Package rLTP

Last updated on 2021-10-28 10:51:49 CEST.

Flavor Version Tinstall Tcheck Ttotal Status Flags
r-devel-linux-x86_64-debian-clang 0.1.4 4.03 26.36 30.39 NOTE
r-devel-linux-x86_64-debian-gcc 0.1.4 2.57 21.20 23.77 NOTE
r-devel-linux-x86_64-fedora-clang 0.1.4 47.30 NOTE
r-devel-linux-x86_64-fedora-gcc 0.1.4 37.37 NOTE
r-devel-windows-x86_64 0.1.4 9.00 45.00 54.00 NOTE
r-devel-windows-x86_64-gcc10-UCRT 0.1.4 NOTE
r-patched-linux-x86_64 0.1.4 3.33 26.04 29.37 NOTE
r-patched-solaris-x86 0.1.4 62.50 NOTE
r-release-linux-x86_64 0.1.4 3.25 26.08 29.33 NOTE
r-release-macos-arm64 0.1.4 NOTE
r-release-macos-x86_64 0.1.4 NOTE
r-release-windows-ix86+x86_64 0.1.4 12.00 43.00 55.00 NOTE
r-oldrel-macos-x86_64 0.1.4 OK
r-oldrel-windows-ix86+x86_64 0.1.4 23.00 43.00 66.00 OK

Check Details

Version: 0.1.4
Check: LazyData
Result: NOTE
     'LazyData' is specified without a 'data' directory
Flavors: r-devel-linux-x86_64-debian-clang, r-devel-linux-x86_64-debian-gcc, r-devel-linux-x86_64-fedora-clang, r-devel-linux-x86_64-fedora-gcc, r-devel-windows-x86_64, r-devel-windows-x86_64-gcc10-UCRT, r-patched-linux-x86_64, r-patched-solaris-x86, r-release-linux-x86_64, r-release-macos-arm64, r-release-macos-x86_64, r-release-windows-ix86+x86_64