CRAN Package Check Results for Package rSQM

Last updated on 2021-10-20 10:53:17 CEST.

Flavor Version Tinstall Tcheck Ttotal Status Flags
r-devel-linux-x86_64-debian-clang 1.3.14 12.37 91.63 104.00 NOTE
r-devel-linux-x86_64-debian-gcc 1.3.14 10.05 69.10 79.15 NOTE
r-devel-linux-x86_64-fedora-clang 1.3.14 134.53 NOTE
r-devel-linux-x86_64-fedora-gcc 1.3.14 119.42 NOTE
r-devel-windows-x86_64 1.3.14 18.00 103.00 121.00 NOTE
r-devel-windows-x86_64-gcc10-UCRT 1.3.14 NOTE
r-patched-linux-x86_64 1.3.14 11.92 86.54 98.46 NOTE
r-patched-solaris-x86 1.3.14 174.50 NOTE
r-release-linux-x86_64 1.3.14 11.04 86.97 98.01 NOTE
r-release-macos-arm64 1.3.14 NOTE
r-release-macos-x86_64 1.3.14 NOTE
r-release-windows-ix86+x86_64 1.3.14 28.00 123.00 151.00 NOTE
r-oldrel-macos-x86_64 1.3.14 OK
r-oldrel-windows-ix86+x86_64 1.3.14 26.00 129.00 155.00 OK

Check Details

Version: 1.3.14
Check: LazyData
Result: NOTE
     'LazyData' is specified without a 'data' directory
Flavors: r-devel-linux-x86_64-debian-clang, r-devel-linux-x86_64-debian-gcc, r-devel-linux-x86_64-fedora-clang, r-devel-linux-x86_64-fedora-gcc, r-devel-windows-x86_64, r-devel-windows-x86_64-gcc10-UCRT, r-patched-linux-x86_64, r-patched-solaris-x86, r-release-linux-x86_64, r-release-macos-arm64, r-release-macos-x86_64, r-release-windows-ix86+x86_64

Version: 1.3.14
Check: for non-standard things in the check directory
Result: NOTE
    Found the following files/directories:
     'Database' 'rSQM.yaml' 'rSQM_Sample_Project' 'sample_script.R'
Flavors: r-devel-linux-x86_64-debian-clang, r-devel-linux-x86_64-debian-gcc, r-devel-linux-x86_64-fedora-clang, r-devel-linux-x86_64-fedora-gcc, r-patched-linux-x86_64, r-patched-solaris-x86, r-release-linux-x86_64