CRAN Package Check Results for Package randNames

Last updated on 2021-10-17 04:50:30 CEST.

Flavor Version Tinstall Tcheck Ttotal Status Flags
r-devel-linux-x86_64-debian-clang 0.2.3 2.76 33.04 35.80 NOTE
r-devel-linux-x86_64-debian-gcc 0.2.3 2.46 25.73 28.19 NOTE
r-devel-linux-x86_64-fedora-clang 0.2.3 53.83 NOTE
r-devel-linux-x86_64-fedora-gcc 0.2.3 42.27 NOTE
r-devel-windows-x86_64 0.2.3 7.00 43.00 50.00 NOTE
r-devel-windows-x86_64-gcc10-UCRT 0.2.3 NOTE
r-patched-linux-x86_64 0.2.3 2.88 31.84 34.72 NOTE
r-patched-solaris-x86 0.2.3 68.50 NOTE
r-release-linux-x86_64 0.2.3 3.10 31.53 34.63 NOTE
r-release-macos-arm64 0.2.3 NOTE
r-release-macos-x86_64 0.2.3 NOTE
r-release-windows-ix86+x86_64 0.2.3 6.00 50.00 56.00 NOTE
r-oldrel-macos-x86_64 0.2.3 OK
r-oldrel-windows-ix86+x86_64 0.2.3 8.00 55.00 63.00 OK

Check Details

Version: 0.2.3
Check: LazyData
Result: NOTE
     'LazyData' is specified without a 'data' directory
Flavors: r-devel-linux-x86_64-debian-clang, r-devel-linux-x86_64-debian-gcc, r-devel-linux-x86_64-fedora-clang, r-devel-linux-x86_64-fedora-gcc, r-devel-windows-x86_64, r-devel-windows-x86_64-gcc10-UCRT, r-patched-linux-x86_64, r-patched-solaris-x86, r-release-linux-x86_64, r-release-macos-arm64, r-release-macos-x86_64, r-release-windows-ix86+x86_64