CRAN Package Check Results for Package randomizr

Last updated on 2024-06-20 22:50:53 CEST.

Flavor Version Tinstall Tcheck Ttotal Status Flags
r-devel-linux-x86_64-debian-clang 1.0.0 4.98 80.01 84.99 NOTE
r-devel-linux-x86_64-debian-gcc 1.0.0 4.51 58.57 63.08 NOTE
r-devel-linux-x86_64-fedora-clang 1.0.0 111.64 NOTE
r-devel-linux-x86_64-fedora-gcc 1.0.0 111.99 NOTE
r-devel-windows-x86_64 1.0.0 7.00 83.00 90.00 NOTE
r-patched-linux-x86_64 1.0.0 6.43 74.85 81.28 OK
r-release-linux-x86_64 1.0.0 4.85 74.98 79.83 OK
r-release-macos-arm64 1.0.0 36.00 OK
r-release-macos-x86_64 1.0.0 59.00 OK
r-release-windows-x86_64 1.0.0 9.00 84.00 93.00 OK
r-oldrel-macos-arm64 1.0.0 42.00 OK
r-oldrel-macos-x86_64 1.0.0 83.00 OK
r-oldrel-windows-x86_64 1.0.0 9.00 98.00 107.00 OK

Check Details

Version: 1.0.0
Check: compiled code
Result: NOTE File ‘randomizr/libs/randomizr.so’: Found non-API call to R: ‘SETLENGTH’ Compiled code should not call non-API entry points in R. See ‘Writing portable packages’ in the ‘Writing R Extensions’ manual. Flavors: r-devel-linux-x86_64-debian-clang, r-devel-linux-x86_64-debian-gcc, r-devel-linux-x86_64-fedora-clang, r-devel-linux-x86_64-fedora-gcc

Version: 1.0.0
Check: compiled code
Result: NOTE File 'randomizr/libs/x64/randomizr.dll': Found non-API call to R: 'SETLENGTH' Compiled code should not call non-API entry points in R. See 'Writing portable packages' in the 'Writing R Extensions' manual. Flavor: r-devel-windows-x86_64