CRAN Package Check Results for Package randquotes

Last updated on 2021-10-17 04:50:30 CEST.

Flavor Version Tinstall Tcheck Ttotal Status Flags
r-devel-linux-x86_64-debian-clang 0.1.1 1.84 23.20 25.04 OK
r-devel-linux-x86_64-debian-gcc 0.1.1 1.62 18.77 20.39 OK
r-devel-linux-x86_64-fedora-clang 0.1.1 41.92 NOTE
r-devel-linux-x86_64-fedora-gcc 0.1.1 30.54 NOTE
r-devel-windows-x86_64 0.1.1 4.00 33.00 37.00 OK
r-devel-windows-x86_64-gcc10-UCRT 0.1.1 NOTE
r-patched-linux-x86_64 0.1.1 1.81 23.02 24.83 OK
r-patched-solaris-x86 0.1.1 50.60 NOTE
r-release-linux-x86_64 0.1.1 1.96 23.10 25.06 OK
r-release-macos-arm64 0.1.1 NOTE
r-release-macos-x86_64 0.1.1 NOTE
r-release-windows-ix86+x86_64 0.1.1 4.00 40.00 44.00 OK
r-oldrel-macos-x86_64 0.1.1 NOTE
r-oldrel-windows-ix86+x86_64 0.1.1 6.00 42.00 48.00 OK

Check Details

Version: 0.1.1
Check: dependencies in R code
Result: NOTE
    Namespaces in Imports field not imported from:
     ‘curl’ ‘jsonlite’
     All declared Imports should be used.
Flavors: r-devel-linux-x86_64-fedora-clang, r-devel-linux-x86_64-fedora-gcc, r-devel-windows-x86_64-gcc10-UCRT, r-patched-solaris-x86, r-release-macos-arm64, r-release-macos-x86_64, r-oldrel-macos-x86_64