CRAN Package Check Results for Package rangeBuilder

Last updated on 2021-09-23 19:51:58 CEST.

Flavor Version Tinstall Tcheck Ttotal Status Flags
r-devel-linux-x86_64-debian-clang 1.5 37.10 123.62 160.72 OK
r-devel-linux-x86_64-debian-gcc 1.5 26.98 94.50 121.48 OK
r-devel-linux-x86_64-fedora-clang 1.5 220.52 OK
r-devel-linux-x86_64-fedora-gcc 1.5 205.65 OK
r-devel-windows-x86_64 1.5 38.00 125.00 163.00 OK
r-devel-windows-x86_64-gcc10-UCRT 1.5 OK
r-patched-linux-x86_64 1.5 43.16 120.16 163.32 OK
r-patched-solaris-x86 1.5 289.50 OK
r-release-linux-x86_64 1.5 34.22 119.92 154.14 OK
r-release-macos-arm64 1.5 OK
r-release-macos-x86_64 1.5 OK
r-release-windows-ix86+x86_64 1.5 78.00 169.00 247.00 NOTE
r-oldrel-macos-x86_64 1.5 OK
r-oldrel-windows-ix86+x86_64 1.5 57.00 165.00 222.00 NOTE

Check Details

Version: 1.5
Check: installed package size
Result: NOTE
     installed size is 5.3Mb
     sub-directories of 1Mb or more:
     R 2.4Mb
     libs 2.0Mb
Flavors: r-release-windows-ix86+x86_64, r-oldrel-windows-ix86+x86_64