CRAN Package Check Results for Package rapiclient

Last updated on 2021-10-17 07:50:54 CEST.

Flavor Version Tinstall Tcheck Ttotal Status Flags
r-devel-linux-x86_64-debian-clang 0.1.3 2.82 24.57 27.39 NOTE
r-devel-linux-x86_64-debian-gcc 0.1.3 2.27 19.60 21.87 NOTE
r-devel-linux-x86_64-fedora-clang 0.1.3 44.18 NOTE
r-devel-linux-x86_64-fedora-gcc 0.1.3 33.05 NOTE
r-devel-windows-x86_64 0.1.3 5.00 35.00 40.00 NOTE
r-devel-windows-x86_64-gcc10-UCRT 0.1.3 NOTE
r-patched-linux-x86_64 0.1.3 2.86 24.03 26.89 NOTE
r-patched-solaris-x86 0.1.3 52.50 NOTE
r-release-linux-x86_64 0.1.3 2.77 24.09 26.86 NOTE
r-release-macos-arm64 0.1.3 NOTE
r-release-macos-x86_64 0.1.3 NOTE
r-release-windows-ix86+x86_64 0.1.3 5.00 40.00 45.00 NOTE
r-oldrel-macos-x86_64 0.1.3 OK
r-oldrel-windows-ix86+x86_64 0.1.3 6.00 41.00 47.00 OK

Check Details

Version: 0.1.3
Check: LazyData
Result: NOTE
     'LazyData' is specified without a 'data' directory
Flavors: r-devel-linux-x86_64-debian-clang, r-devel-linux-x86_64-debian-gcc, r-devel-linux-x86_64-fedora-clang, r-devel-linux-x86_64-fedora-gcc, r-devel-windows-x86_64, r-devel-windows-x86_64-gcc10-UCRT, r-patched-linux-x86_64, r-patched-solaris-x86, r-release-linux-x86_64, r-release-macos-arm64, r-release-macos-x86_64, r-release-windows-ix86+x86_64