CRAN Package Check Results for Package raptr

Last updated on 2021-09-28 07:48:38 CEST.

Flavor Version Tinstall Tcheck Ttotal Status Flags
r-devel-linux-x86_64-debian-clang 0.1.7 215.70 246.84 462.54 NOTE
r-devel-linux-x86_64-debian-gcc 0.1.7 137.46 186.35 323.81 NOTE
r-devel-linux-x86_64-fedora-clang 0.1.7 630.74 NOTE
r-devel-linux-x86_64-fedora-gcc 0.1.7 589.45 NOTE
r-devel-windows-x86_64 0.1.7 170.00 236.00 406.00 NOTE
r-devel-windows-x86_64-gcc10-UCRT 0.1.7 NOTE
r-patched-linux-x86_64 0.1.7 158.92 239.99 398.91 NOTE
r-patched-solaris-x86 0.1.7 802.50 NOTE
r-release-linux-x86_64 0.1.7 165.01 240.62 405.63 NOTE
r-release-macos-arm64 0.1.7 NOTE
r-release-macos-x86_64 0.1.7 NOTE
r-release-windows-ix86+x86_64 0.1.7 441.00 364.00 805.00 NOTE
r-oldrel-macos-x86_64 0.1.7 NOTE
r-oldrel-windows-ix86+x86_64 0.1.7 335.00 370.00 705.00 NOTE

Additional issues

M1mac

Check Details

Version: 0.1.7
Check: package dependencies
Result: NOTE
    Package suggested but not available for checking: 'gurobi'
Flavors: r-devel-linux-x86_64-debian-clang, r-devel-linux-x86_64-debian-gcc, r-devel-linux-x86_64-fedora-clang, r-devel-linux-x86_64-fedora-gcc, r-devel-windows-x86_64, r-devel-windows-x86_64-gcc10-UCRT, r-patched-linux-x86_64, r-patched-solaris-x86, r-release-linux-x86_64, r-release-macos-arm64, r-release-macos-x86_64, r-release-windows-ix86+x86_64, r-oldrel-macos-x86_64, r-oldrel-windows-ix86+x86_64

Version: 0.1.7
Check: installed package size
Result: NOTE
     installed size is 15.9Mb
     sub-directories of 1Mb or more:
     data 3.6Mb
     doc 1.4Mb
     libs 10.2Mb
Flavors: r-devel-linux-x86_64-fedora-clang, r-devel-windows-x86_64, r-patched-solaris-x86, r-release-macos-arm64, r-release-macos-x86_64, r-release-windows-ix86+x86_64, r-oldrel-macos-x86_64, r-oldrel-windows-ix86+x86_64

Version: 0.1.7
Check: dependencies in R code
Result: NOTE
    Namespace in Imports field not imported from: ‘rgdal’
     All declared Imports should be used.
Flavors: r-devel-linux-x86_64-fedora-clang, r-devel-linux-x86_64-fedora-gcc, r-devel-windows-x86_64-gcc10-UCRT, r-patched-solaris-x86, r-release-macos-arm64, r-release-macos-x86_64, r-oldrel-macos-x86_64