CRAN Package Check Results for Package rare

Last updated on 2021-09-16 16:50:25 CEST.

Flavor Version Tinstall Tcheck Ttotal Status Flags
r-devel-linux-x86_64-debian-clang 0.1.1 47.64 82.10 129.74 OK
r-devel-linux-x86_64-debian-gcc 0.1.1 33.85 61.51 95.36 OK
r-devel-linux-x86_64-fedora-clang 0.1.1 172.49 OK
r-devel-linux-x86_64-fedora-gcc 0.1.1 157.40 OK
r-devel-windows-x86_64 0.1.1 43.00 113.00 156.00 OK
r-devel-windows-x86_64-gcc10-UCRT 0.1.1 OK
r-patched-linux-x86_64 0.1.1 37.05 77.56 114.61 OK
r-patched-solaris-x86 0.1.1 186.60 OK
r-release-linux-x86_64 0.1.1 39.61 77.42 117.03 OK
r-release-macos-arm64 0.1.1 NOTE
r-release-macos-x86_64 0.1.1 OK
r-release-windows-ix86+x86_64 0.1.1 105.00 110.00 215.00 OK
r-oldrel-macos-x86_64 0.1.1 OK
r-oldrel-windows-ix86+x86_64 0.1.1 78.00 130.00 208.00 OK

Check Details

Version: 0.1.1
Check: installed package size
Result: NOTE
     installed size is 5.5Mb
     sub-directories of 1Mb or more:
     doc 1.2Mb
     libs 4.2Mb
Flavor: r-release-macos-arm64