CRAN Package Check Results for Package rasterly

Last updated on 2021-09-22 13:52:59 CEST.

Flavor Version Tinstall Tcheck Ttotal Status Flags
r-devel-linux-x86_64-debian-clang 0.2.0 40.25 90.68 130.93 NOTE
r-devel-linux-x86_64-debian-gcc 0.2.0 24.16 66.37 90.53 NOTE
r-devel-linux-x86_64-fedora-clang 0.2.0 166.34 NOTE
r-devel-linux-x86_64-fedora-gcc 0.2.0 147.38 NOTE
r-devel-windows-x86_64 0.2.0 39.00 88.00 127.00 NOTE
r-devel-windows-x86_64-gcc10-UCRT 0.2.0 ERROR
r-patched-linux-x86_64 0.2.0 31.80 84.63 116.43 NOTE
r-patched-solaris-x86 0.2.0 189.60 NOTE
r-release-linux-x86_64 0.2.0 28.61 83.13 111.74 NOTE
r-release-macos-arm64 0.2.0 NOTE
r-release-macos-x86_64 0.2.0 NOTE
r-release-windows-ix86+x86_64 0.2.0 83.00 128.00 211.00 NOTE
r-oldrel-macos-x86_64 0.2.0 OK
r-oldrel-windows-ix86+x86_64 0.2.0 63.00 127.00 190.00 OK

Check Details

Version: 0.2.0
Check: LazyData
Result: NOTE
     'LazyData' is specified without a 'data' directory
Flavors: r-devel-linux-x86_64-debian-clang, r-devel-linux-x86_64-debian-gcc, r-devel-linux-x86_64-fedora-clang, r-devel-linux-x86_64-fedora-gcc, r-devel-windows-x86_64, r-patched-linux-x86_64, r-patched-solaris-x86, r-release-linux-x86_64, r-release-macos-arm64, r-release-macos-x86_64, r-release-windows-ix86+x86_64

Version: 0.2.0
Check: Rd cross-references
Result: NOTE
    Undeclared package ‘crosstalk’ in Rd xrefs
Flavor: r-devel-linux-x86_64-fedora-clang

Version: 0.2.0
Check: whether package can be installed
Result: ERROR
    Installation failed.
Flavor: r-devel-windows-x86_64-gcc10-UCRT