CRAN Package Check Results for Package rattle

Last updated on 2021-09-20 22:55:45 CEST.

Flavor Version Tinstall Tcheck Ttotal Status Flags
r-devel-linux-x86_64-debian-clang 5.4.0 23.51 111.47 134.98 NOTE
r-devel-linux-x86_64-debian-gcc 5.4.0 19.15 81.50 100.65 NOTE
r-devel-linux-x86_64-fedora-clang 5.4.0 171.57 NOTE
r-devel-linux-x86_64-fedora-gcc 5.4.0 158.02 NOTE
r-devel-windows-x86_64 5.4.0 28.00 93.00 121.00 NOTE
r-devel-windows-x86_64-gcc10-UCRT 5.4.0 ERROR
r-patched-linux-x86_64 5.4.0 21.79 106.47 128.26 NOTE
r-patched-solaris-x86 5.4.0 196.00 NOTE
r-release-linux-x86_64 5.4.0 18.86 106.41 125.27 NOTE
r-release-macos-arm64 5.4.0 NOTE
r-release-macos-x86_64 5.4.0 NOTE
r-release-windows-ix86+x86_64 5.4.0 39.00 94.00 133.00 NOTE
r-oldrel-macos-x86_64 5.4.0 NOTE
r-oldrel-windows-ix86+x86_64 5.4.0 40.00 99.00 139.00 NOTE

Check Details

Version: 5.4.0
Check: package dependencies
Result: NOTE
    Package suggested but not available for checking: 'rggobi'
Flavors: r-devel-linux-x86_64-debian-clang, r-devel-linux-x86_64-debian-gcc, r-devel-linux-x86_64-fedora-clang, r-devel-linux-x86_64-fedora-gcc, r-patched-linux-x86_64, r-patched-solaris-x86, r-release-linux-x86_64, r-release-macos-x86_64, r-oldrel-macos-x86_64

Version: 5.4.0
Check: installed package size
Result: NOTE
     installed size is 8.5Mb
     sub-directories of 1Mb or more:
     data 3.6Mb
     etc 1.9Mb
     po 1.2Mb
Flavors: r-devel-linux-x86_64-fedora-clang, r-devel-windows-x86_64, r-patched-solaris-x86, r-release-macos-arm64, r-release-macos-x86_64, r-release-windows-ix86+x86_64, r-oldrel-macos-x86_64, r-oldrel-windows-ix86+x86_64

Version: 5.4.0
Check: package dependencies
Result: ERROR
    Package required but not available: 'XML'
    
    Packages suggested but not available for checking: 'pmml', 'rggobi'
    
    See section 'The DESCRIPTION file' in the 'Writing R Extensions'
    manual.
Flavor: r-devel-windows-x86_64-gcc10-UCRT

Version: 5.4.0
Check: package dependencies
Result: NOTE
    Packages suggested but not available for checking:
     'cairoDevice', 'rggobi', 'RGtk2', 'RODBC'
Flavor: r-release-macos-arm64