CRAN Package Check Results for Package raven.rdf

Last updated on 2021-08-05 18:53:10 CEST.

Flavor Version Tinstall Tcheck Ttotal Status Flags
r-devel-linux-x86_64-debian-clang 0.2.0 3.08 25.79 28.87 NOTE
r-devel-linux-x86_64-debian-gcc 0.2.0 2.45 19.96 22.41 NOTE
r-devel-linux-x86_64-fedora-clang 0.2.0 43.33 NOTE
r-devel-linux-x86_64-fedora-gcc 0.2.0 33.29 NOTE
r-devel-windows-x86_64 0.2.0 6.00 40.00 46.00 NOTE
r-devel-windows-x86_64-gcc10-UCRT 0.2.0 NOTE
r-patched-linux-x86_64 0.2.0 3.20 25.07 28.27 NOTE
r-patched-solaris-x86 0.2.0 48.00 NOTE
r-release-linux-x86_64 0.2.0 3.23 24.86 28.09 NOTE
r-release-macos-arm64 0.2.0 NOTE
r-release-macos-x86_64 0.2.0 NOTE
r-release-windows-ix86+x86_64 0.2.0 8.00 34.00 42.00 NOTE
r-oldrel-macos-x86_64 0.2.0 OK
r-oldrel-windows-ix86+x86_64 0.2.0 5.00 39.00 44.00 OK

Check Details

Version: 0.2.0
Check: LazyData
Result: NOTE
     'LazyData' is specified without a 'data' directory
Flavors: r-devel-linux-x86_64-debian-clang, r-devel-linux-x86_64-debian-gcc, r-devel-linux-x86_64-fedora-clang, r-devel-linux-x86_64-fedora-gcc, r-devel-windows-x86_64, r-devel-windows-x86_64-gcc10-UCRT, r-patched-linux-x86_64, r-patched-solaris-x86, r-release-linux-x86_64, r-release-macos-arm64, r-release-macos-x86_64, r-release-windows-ix86+x86_64

Version: 0.2.0
Check: package dependencies
Result: NOTE
    Package suggested but not available for checking: 'testthat'
Flavor: r-devel-windows-x86_64-gcc10-UCRT