CRAN Package Check Results for Package rayimage

Last updated on 2021-09-21 04:55:29 CEST.

Flavor Version Tinstall Tcheck Ttotal Status Flags
r-devel-linux-x86_64-debian-clang 0.6.2 48.40 39.42 87.82 OK
r-devel-linux-x86_64-debian-gcc 0.6.2 31.81 30.66 62.47 OK
r-devel-linux-x86_64-fedora-clang 0.6.2 127.73 OK
r-devel-linux-x86_64-fedora-gcc 0.6.2 106.96 OK
r-devel-windows-x86_64 0.6.2 45.00 54.00 99.00 OK
r-devel-windows-x86_64-gcc10-UCRT 0.6.2 ERROR
r-patched-linux-x86_64 0.6.2 40.44 38.62 79.06 OK
r-patched-solaris-x86 0.6.2 118.40 OK
r-release-linux-x86_64 0.6.2 39.80 38.19 77.99 OK
r-release-macos-arm64 0.6.2 OK
r-release-macos-x86_64 0.6.2 OK
r-release-windows-ix86+x86_64 0.6.2 107.00 69.00 176.00 OK
r-oldrel-macos-x86_64 0.6.2 OK
r-oldrel-windows-ix86+x86_64 0.6.2 108.00 68.00 176.00 OK

Check Details

Version: 0.6.2
Check: whether package can be installed
Result: ERROR
    Installation failed.
Flavor: r-devel-windows-x86_64-gcc10-UCRT