CRAN Package Check Results for Package rcosmo

Last updated on 2021-12-01 15:52:07 CET.

Flavor Version Tinstall Tcheck Ttotal Status Flags
r-devel-linux-x86_64-debian-clang 1.1.2 45.01 113.55 158.56 NOTE
r-devel-linux-x86_64-debian-gcc 1.1.2 34.91 87.66 122.57 NOTE
r-devel-linux-x86_64-fedora-clang 1.1.3 235.12 OK
r-devel-linux-x86_64-fedora-gcc 1.1.3 212.24 OK
r-devel-windows-x86_64-new-UL 1.1.2 76.00 174.00 250.00 NOTE
r-devel-windows-x86_64-new-TK 1.1.2 NOTE
r-devel-windows-x86_64-old 1.1.2 63.00 101.00 164.00 NOTE
r-patched-linux-x86_64 1.1.2 47.68 108.04 155.72 NOTE
r-patched-solaris-x86 1.1.3 215.60 OK
r-release-linux-x86_64 1.1.2 44.17 108.02 152.19 NOTE
r-release-macos-arm64 1.1.2 NOTE
r-release-macos-x86_64 1.1.2 NOTE
r-release-windows-ix86+x86_64 1.1.2 108.00 188.00 296.00 NOTE
r-oldrel-macos-x86_64 1.1.2 OK
r-oldrel-windows-ix86+x86_64 1.1.2 87.00 188.00 275.00 OK

Check Details

Version: 1.1.2
Check: LazyData
Result: NOTE
     'LazyData' is specified without a 'data' directory
Flavors: r-devel-linux-x86_64-debian-clang, r-devel-linux-x86_64-debian-gcc, r-devel-windows-x86_64-new-UL, r-devel-windows-x86_64-new-TK, r-devel-windows-x86_64-old, r-patched-linux-x86_64, r-release-linux-x86_64, r-release-macos-arm64, r-release-macos-x86_64, r-release-windows-ix86+x86_64