CRAN Package Check Results for Package rcrossref

Last updated on 2021-09-24 04:51:53 CEST.

Flavor Version Tinstall Tcheck Ttotal Status Flags
r-devel-linux-x86_64-debian-clang 1.1.0 10.87 244.11 254.98 OK
r-devel-linux-x86_64-debian-gcc 1.1.0 8.40 174.09 182.49 OK
r-devel-linux-x86_64-fedora-clang 1.1.0 298.80 NOTE
r-devel-linux-x86_64-fedora-gcc 1.1.0 288.53 OK
r-devel-windows-x86_64 1.1.0 11.00 213.00 224.00 OK
r-devel-windows-x86_64-gcc10-UCRT 1.1.0 OK
r-patched-linux-x86_64 1.1.0 11.32 234.50 245.82 OK
r-patched-solaris-x86 1.1.0 372.10 OK
r-release-linux-x86_64 1.1.0 7.85 230.78 238.63 OK
r-release-macos-arm64 1.1.0 OK
r-release-macos-x86_64 1.1.0 OK
r-release-windows-ix86+x86_64 1.1.0 20.00 216.00 236.00 OK
r-oldrel-macos-x86_64 1.1.0 OK
r-oldrel-windows-ix86+x86_64 1.1.0 14.00 214.00 228.00 OK

Check Details

Version: 1.1.0
Check: package dependencies
Result: NOTE
    Suggests orphaned package: ‘bibtex’
Flavor: r-devel-linux-x86_64-fedora-clang