CRAN Package Check Results for Package rdataretriever

Last updated on 2021-12-09 00:51:50 CET.

Flavor Version Tinstall Tcheck Ttotal Status Flags
r-devel-linux-x86_64-debian-clang 3.0.0 7.12 76.27 83.39 NOTE
r-devel-linux-x86_64-debian-gcc 3.0.0 6.48 61.21 67.69 NOTE
r-devel-linux-x86_64-fedora-clang 3.0.0 108.77 NOTE
r-devel-linux-x86_64-fedora-gcc 3.0.0 94.50 NOTE
r-devel-windows-x86_64-new-UL 3.0.0 16.00 110.00 126.00 NOTE
r-devel-windows-x86_64-new-TK 3.0.0 NOTE
r-devel-windows-x86_64-old 3.0.0 13.00 76.00 89.00 NOTE
r-patched-linux-x86_64 3.0.0 5.76 73.65 79.41 NOTE
r-release-linux-x86_64 3.0.0 7.71 74.02 81.73 NOTE
r-release-macos-arm64 3.0.0 NOTE
r-release-macos-x86_64 3.0.0 NOTE
r-release-windows-ix86+x86_64 3.0.0 12.00 84.00 96.00 NOTE
r-oldrel-macos-x86_64 3.0.0 OK
r-oldrel-windows-ix86+x86_64 3.0.0 17.00 95.00 112.00 OK

Check Details

Version: 3.0.0
Check: LazyData
Result: NOTE
     'LazyData' is specified without a 'data' directory
Flavors: r-devel-linux-x86_64-debian-clang, r-devel-linux-x86_64-debian-gcc, r-devel-linux-x86_64-fedora-clang, r-devel-linux-x86_64-fedora-gcc, r-devel-windows-x86_64-new-UL, r-devel-windows-x86_64-new-TK, r-devel-windows-x86_64-old, r-patched-linux-x86_64, r-release-linux-x86_64, r-release-macos-arm64, r-release-macos-x86_64, r-release-windows-ix86+x86_64