CRAN Package Check Results for Package rdtLite

Last updated on 2024-03-05 09:53:06 CET.

Flavor Version Tinstall Tcheck Ttotal Status Flags
r-devel-linux-x86_64-debian-clang 1.4 8.95 47.38 56.33 OK
r-devel-linux-x86_64-debian-gcc 1.4 5.58 35.23 40.81 OK
r-devel-linux-x86_64-fedora-clang 1.4 66.79 NOTE
r-devel-linux-x86_64-fedora-gcc 1.4 75.74 NOTE
r-devel-windows-x86_64 1.4 8.00 52.00 60.00 OK
r-patched-linux-x86_64 1.4 7.62 45.33 52.95 OK
r-release-linux-x86_64 1.4 5.88 43.90 49.78 OK
r-release-macos-arm64 1.4 30.00 OK
r-release-macos-x86_64 1.4 44.00 OK
r-release-windows-x86_64 1.4 10.00 55.00 65.00 OK
r-oldrel-macos-arm64 1.4 23.00 NOTE
r-oldrel-windows-x86_64 1.4 11.00 59.00 70.00 OK

Check Details

Version: 1.4
Check: dependencies in R code
Result: NOTE Namespace in Imports field not imported from: ‘gtools’ All declared Imports should be used. Flavors: r-devel-linux-x86_64-fedora-clang, r-devel-linux-x86_64-fedora-gcc, r-oldrel-macos-arm64