CRAN Package Check Results for Package readOffice

Last updated on 2024-07-15 16:56:31 CEST.

Flavor Version Tinstall Tcheck Ttotal Status Flags
r-devel-linux-x86_64-debian-clang 0.2.2 2.20 23.61 25.81 NOTE
r-devel-linux-x86_64-debian-gcc 0.2.2 1.85 18.42 20.27 NOTE
r-devel-linux-x86_64-fedora-clang 0.2.2 33.05 NOTE
r-devel-linux-x86_64-fedora-gcc 0.2.2 31.01 NOTE
r-devel-windows-x86_64 0.2.2 4.00 40.00 44.00 NOTE
r-patched-linux-x86_64 0.2.2 2.10 22.16 24.26 NOTE
r-release-linux-x86_64 0.2.2 2.28 23.24 25.52 NOTE
r-release-macos-arm64 0.2.2 16.00 NOTE
r-release-macos-x86_64 0.2.2 22.00 NOTE
r-release-windows-x86_64 0.2.2 4.00 40.00 44.00 NOTE
r-oldrel-macos-arm64 0.2.2 15.00 NOTE
r-oldrel-macos-x86_64 0.2.2 19.00 NOTE
r-oldrel-windows-x86_64 0.2.2 4.00 40.00 44.00 NOTE

Check Details

Version: 0.2.2
Check: LazyData
Result: NOTE 'LazyData' is specified without a 'data' directory Flavors: r-devel-linux-x86_64-debian-clang, r-devel-linux-x86_64-debian-gcc, r-devel-linux-x86_64-fedora-clang, r-devel-linux-x86_64-fedora-gcc, r-devel-windows-x86_64, r-patched-linux-x86_64, r-release-linux-x86_64, r-release-macos-arm64, r-release-macos-x86_64, r-release-windows-x86_64, r-oldrel-macos-arm64, r-oldrel-macos-x86_64, r-oldrel-windows-x86_64