CRAN Package Check Results for Package readrba

Last updated on 2021-09-17 16:50:22 CEST.

Flavor Version Tinstall Tcheck Ttotal Status Flags
r-devel-linux-x86_64-debian-clang 0.1.1 5.56 56.79 62.35 OK
r-devel-linux-x86_64-debian-gcc 0.1.1 4.24 42.95 47.19 OK
r-devel-linux-x86_64-fedora-clang 0.1.1 82.16 NOTE
r-devel-linux-x86_64-fedora-gcc 0.1.1 70.68 OK
r-devel-windows-x86_64 0.1.1 7.00 100.00 107.00 OK
r-devel-windows-x86_64-gcc10-UCRT 0.1.1 OK
r-patched-linux-x86_64 0.1.1 5.07 52.42 57.49 OK
r-patched-solaris-x86 0.1.1 105.40 OK
r-release-linux-x86_64 0.1.1 4.78 52.85 57.63 OK
r-release-macos-arm64 0.1.1 OK
r-release-macos-x86_64 0.1.1 OK
r-release-windows-ix86+x86_64 0.1.1 12.00 84.00 96.00 OK
r-oldrel-macos-x86_64 0.1.1 OK
r-oldrel-windows-ix86+x86_64 0.1.1 17.00 78.00 95.00 OK

Check Details

Version: 0.1.1
Check: Rd cross-references
Result: NOTE
    Undeclared package ‘magrittr’ in Rd xrefs
Flavor: r-devel-linux-x86_64-fedora-clang