CRAN Package Check Results for Package readstata13

Last updated on 2021-09-22 13:53:00 CEST.

Flavor Version Tinstall Tcheck Ttotal Status Flags
r-devel-linux-x86_64-debian-clang 0.10.0 70.16 36.80 106.96 OK
r-devel-linux-x86_64-debian-gcc 0.10.0 48.50 28.27 76.77 OK
r-devel-linux-x86_64-fedora-clang 0.10.0 163.92 OK
r-devel-linux-x86_64-fedora-gcc 0.10.0 138.62 OK
r-devel-windows-x86_64 0.10.0 66.00 58.00 124.00 OK
r-devel-windows-x86_64-gcc10-UCRT 0.10.0 ERROR
r-patched-linux-x86_64 0.10.0 60.05 35.23 95.28 OK
r-patched-solaris-x86 0.10.0 136.30 OK
r-release-linux-x86_64 0.10.0 60.24 34.82 95.06 OK
r-release-macos-arm64 0.10.0 OK
r-release-macos-x86_64 0.10.0 OK
r-release-windows-ix86+x86_64 0.10.0 164.00 72.00 236.00 OK
r-oldrel-macos-x86_64 0.10.0 OK
r-oldrel-windows-ix86+x86_64 0.10.0 157.00 78.00 235.00 OK

Check Details

Version: 0.10.0
Check: whether package can be installed
Result: ERROR
    Installation failed.
Flavor: r-devel-windows-x86_64-gcc10-UCRT