CRAN Package Check Results for Package recom

Last updated on 2021-09-20 22:55:47 CEST.

Flavor Version Tinstall Tcheck Ttotal Status Flags
r-devel-linux-x86_64-debian-clang 1.0 17.85 25.32 43.17 OK
r-devel-linux-x86_64-debian-gcc 1.0 11.13 20.00 31.13 OK
r-devel-linux-x86_64-fedora-clang 1.0 67.64 OK
r-devel-linux-x86_64-fedora-gcc 1.0 51.86 OK
r-devel-windows-x86_64 1.0 19.00 39.00 58.00 OK
r-devel-windows-x86_64-gcc10-UCRT 1.0 ERROR
r-patched-linux-x86_64 1.0 14.44 24.67 39.11 OK
r-patched-solaris-x86 1.0 64.10 OK
r-release-linux-x86_64 1.0 15.35 24.64 39.99 OK
r-release-macos-arm64 1.0 OK
r-release-macos-x86_64 1.0 OK
r-release-windows-ix86+x86_64 1.0 43.00 52.00 95.00 OK
r-oldrel-macos-x86_64 1.0 OK
r-oldrel-windows-ix86+x86_64 1.0 42.00 52.00 94.00 OK

Check Details

Version: 1.0
Check: whether package can be installed
Result: ERROR
    Installation failed.
Flavor: r-devel-windows-x86_64-gcc10-UCRT