CRAN Package Check Results for Package refitME

Last updated on 2021-11-27 15:50:52 CET.

Flavor Version Tinstall Tcheck Ttotal Status Flags
r-devel-linux-x86_64-debian-clang 1.2.2 OK
r-devel-linux-x86_64-debian-gcc 1.2.2 10.16 79.03 89.19 OK
r-devel-linux-x86_64-fedora-clang 1.2.2 148.06 NOTE
r-devel-linux-x86_64-fedora-gcc 1.2.2 138.27 NOTE
r-devel-windows-x86_64-new-UL 1.2.2 22.00 152.00 174.00 OK
r-devel-windows-x86_64-new-TK 1.2.2 NOTE
r-devel-windows-x86_64-old 1.2.2 17.00 137.00 154.00 OK
r-patched-linux-x86_64 1.2.2 11.54 100.72 112.26 OK
r-patched-solaris-x86 1.2.2 219.40 NOTE
r-release-linux-x86_64 1.2.2 OK
r-release-macos-arm64 1.2.2 NOTE
r-release-macos-x86_64 1.2.2 NOTE
r-release-windows-ix86+x86_64 1.2.2 25.00 102.00 127.00 OK
r-oldrel-macos-x86_64 1.2.0 NOTE
r-oldrel-windows-ix86+x86_64 1.2.0 25.00 114.00 139.00 OK

Check Details

Version: 1.2.2
Check: dependencies in R code
Result: NOTE
    Namespaces in Imports field not imported from:
     ‘SemiPar’ ‘caret’ ‘dplyr’ ‘scales’
     All declared Imports should be used.
Flavors: r-devel-linux-x86_64-fedora-clang, r-devel-linux-x86_64-fedora-gcc, r-devel-windows-x86_64-new-TK, r-patched-solaris-x86, r-release-macos-arm64, r-release-macos-x86_64

Version: 1.2.0
Check: dependencies in R code
Result: NOTE
    Namespaces in Imports field not imported from:
     ‘SemiPar’ ‘caret’ ‘dplyr’
     All declared Imports should be used.
Flavor: r-oldrel-macos-x86_64