CRAN Package Check Results for Package regexPipes

Last updated on 2024-07-15 10:49:52 CEST.

Flavor Version Tinstall Tcheck Ttotal Status Flags
r-devel-linux-x86_64-debian-clang 0.0.1 2.08 20.16 22.24 NOTE
r-devel-linux-x86_64-debian-gcc 0.0.1 1.59 16.09 17.68 NOTE
r-devel-linux-x86_64-fedora-clang 0.0.1 28.22 NOTE
r-devel-linux-x86_64-fedora-gcc 0.0.1 27.02 NOTE
r-devel-windows-x86_64 0.0.1 2.00 39.00 41.00 NOTE
r-patched-linux-x86_64 0.0.1 2.05 19.97 22.02 NOTE
r-release-linux-x86_64 0.0.1 1.95 19.98 21.93 NOTE
r-release-macos-arm64 0.0.1 12.00 NOTE
r-release-macos-x86_64 0.0.1 21.00 NOTE
r-release-windows-x86_64 0.0.1 2.00 39.00 41.00 NOTE
r-oldrel-macos-arm64 0.0.1 15.00 NOTE
r-oldrel-macos-x86_64 0.0.1 20.00 NOTE
r-oldrel-windows-x86_64 0.0.1 2.00 38.00 40.00 NOTE

Check Details

Version: 0.0.1
Check: LazyData
Result: NOTE 'LazyData' is specified without a 'data' directory Flavors: r-devel-linux-x86_64-debian-clang, r-devel-linux-x86_64-debian-gcc, r-devel-linux-x86_64-fedora-clang, r-devel-linux-x86_64-fedora-gcc, r-devel-windows-x86_64, r-patched-linux-x86_64, r-release-linux-x86_64, r-release-macos-arm64, r-release-macos-x86_64, r-release-windows-x86_64, r-oldrel-macos-arm64, r-oldrel-macos-x86_64, r-oldrel-windows-x86_64