CRAN Package Check Results for Package regnet

Last updated on 2021-09-25 04:57:47 CEST.

Flavor Version Tinstall Tcheck Ttotal Status Flags
r-devel-linux-x86_64-debian-clang 0.4.0 187.75 34.91 222.66 OK
r-devel-linux-x86_64-debian-gcc 0.4.0 118.98 27.71 146.69 OK
r-devel-linux-x86_64-fedora-clang 0.4.0 325.12 NOTE
r-devel-linux-x86_64-fedora-gcc 0.4.0 279.37 OK
r-devel-windows-x86_64 0.4.0 178.00 50.00 228.00 OK
r-devel-windows-x86_64-gcc10-UCRT 0.4.0 OK
r-patched-linux-x86_64 0.4.0 144.92 34.17 179.09 OK
r-patched-solaris-x86 0.4.0 229.20 OK
r-release-linux-x86_64 0.4.0 142.38 34.13 176.51 OK
r-release-macos-arm64 0.4.0 NOTE
r-release-macos-x86_64 0.4.0 NOTE
r-release-windows-ix86+x86_64 0.4.0 426.00 65.00 491.00 OK
r-oldrel-macos-x86_64 0.4.0 NOTE
r-oldrel-windows-ix86+x86_64 0.4.0 318.00 65.00 383.00 OK

Check Details

Version: 0.4.0
Check: installed package size
Result: NOTE
     installed size is 5.4Mb
     sub-directories of 1Mb or more:
     data 1.6Mb
     libs 3.7Mb
Flavors: r-devel-linux-x86_64-fedora-clang, r-release-macos-arm64, r-release-macos-x86_64, r-oldrel-macos-x86_64