Last updated on 2023-12-10 15:50:40 CET.
Flavor | Version | Tinstall | Tcheck | Ttotal | Status | Flags |
---|---|---|---|---|---|---|
r-devel-linux-x86_64-debian-clang | 1.2.3 | 3.44 | 42.08 | 45.52 | NOTE | |
r-devel-linux-x86_64-debian-gcc | 1.2.3 | 3.17 | 32.33 | 35.50 | NOTE | |
r-devel-linux-x86_64-fedora-clang | 1.2.3 | 57.57 | OK | |||
r-devel-linux-x86_64-fedora-gcc | 1.2.3 | 66.62 | OK | |||
r-devel-windows-x86_64 | 1.2.3 | 4.00 | 59.00 | 63.00 | OK | --no-vignettes |
r-patched-linux-x86_64 | 1.2.3 | 6.36 | 41.98 | 48.34 | OK | |
r-release-linux-x86_64 | 1.2.3 | 3.57 | 41.20 | 44.77 | OK | |
r-release-macos-arm64 | 1.2.3 | 27.00 | OK | |||
r-release-macos-x86_64 | 1.2.3 | 41.00 | OK | |||
r-release-windows-x86_64 | 1.2.3 | 6.00 | 62.00 | 68.00 | OK | --no-vignettes |
r-oldrel-macos-arm64 | 1.2.3 | 22.00 | OK | |||
r-oldrel-macos-x86_64 | 1.2.3 | 30.00 | OK | |||
r-oldrel-windows-x86_64 | 1.2.3 | 5.00 | 81.00 | 86.00 | OK | --no-vignettes |
Version: 1.2.3
Check: Rd files
Result: NOTE
checkRd: (-1) rentrez.Rd:17-21: Lost braces
17 | /enumerated{
| ^
Flavors: r-devel-linux-x86_64-debian-clang, r-devel-linux-x86_64-debian-gcc