CRAN Package Check Results for Package reproducer

Last updated on 2021-09-23 04:56:42 CEST.

Flavor Version Tinstall Tcheck Ttotal Status Flags
r-devel-linux-x86_64-debian-clang 0.4.2 11.14 102.84 113.98 OK
r-devel-linux-x86_64-debian-gcc 0.4.2 8.53 75.19 83.72 OK
r-devel-linux-x86_64-fedora-clang 0.4.2 143.33 OK
r-devel-linux-x86_64-fedora-gcc 0.4.2 132.44 OK
r-devel-windows-x86_64 0.4.2 14.00 115.00 129.00 OK
r-devel-windows-x86_64-gcc10-UCRT 0.4.2 ERROR
r-patched-linux-x86_64 0.4.2 11.70 97.40 109.10 OK
r-patched-solaris-x86 0.4.2 176.00 OK
r-release-linux-x86_64 0.4.2 10.08 98.01 108.09 OK
r-release-macos-arm64 0.4.2 OK
r-release-macos-x86_64 0.4.2 OK
r-release-windows-ix86+x86_64 0.4.2 22.00 110.00 132.00 OK
r-oldrel-macos-x86_64 0.4.2 OK
r-oldrel-windows-ix86+x86_64 0.4.2 15.00 114.00 129.00 OK

Check Details

Version: 0.4.2
Check: PDF version of manual
Result: WARN
    LaTeX errors when creating PDF version.
    This typically indicates Rd problems.
Flavor: r-devel-windows-x86_64-gcc10-UCRT

Version: 0.4.2
Check: PDF version of manual without hyperrefs or index
Result: ERROR
    Re-running with no redirection of stdout/stderr.
Flavor: r-devel-windows-x86_64-gcc10-UCRT