CRAN Package Check Results for Package rfviz

Last updated on 2021-12-02 09:55:19 CET.

Flavor Version Tinstall Tcheck Ttotal Status Flags
r-devel-linux-x86_64-debian-clang 1.0.0 2.93 31.19 34.12 OK
r-devel-linux-x86_64-debian-gcc 1.0.0 2.06 25.56 27.62 OK
r-devel-linux-x86_64-fedora-clang 1.0.0 55.40 NOTE
r-devel-linux-x86_64-fedora-gcc 1.0.0 44.35 NOTE
r-devel-windows-x86_64-new-UL 1.0.0 7.00 71.00 78.00 OK
r-devel-windows-x86_64-new-TK 1.0.0 NOTE
r-devel-windows-x86_64-old 1.0.0 6.00 42.00 48.00 OK
r-patched-linux-x86_64 1.0.0 2.80 31.13 33.93 OK
r-patched-solaris-x86 1.0.0 69.70 NOTE
r-release-linux-x86_64 1.0.0 2.41 31.06 33.47 OK
r-release-macos-arm64 1.0.0 NOTE
r-release-macos-x86_64 1.0.0 NOTE
r-release-windows-ix86+x86_64 1.0.0 7.00 51.00 58.00 OK
r-oldrel-macos-x86_64 1.0.0 NOTE
r-oldrel-windows-ix86+x86_64 1.0.0 7.00 49.00 56.00 OK

Check Details

Version: 1.0.0
Check: dependencies in R code
Result: NOTE
    Namespace in Imports field not imported from: ‘base’
     All declared Imports should be used.
Flavors: r-devel-linux-x86_64-fedora-clang, r-devel-linux-x86_64-fedora-gcc, r-devel-windows-x86_64-new-TK, r-patched-solaris-x86, r-release-macos-arm64, r-release-macos-x86_64, r-oldrel-macos-x86_64