CRAN Package Check Results for Package rgnoisefilt

Last updated on 2024-07-21 16:52:21 CEST.

Flavor Version Tinstall Tcheck Ttotal Status Flags
r-devel-linux-x86_64-debian-clang 1.1.2 17.37 260.91 278.28 NOTE
r-devel-linux-x86_64-debian-gcc 1.1.2 12.11 189.41 201.52 NOTE
r-devel-linux-x86_64-fedora-clang 1.1.2 343.44 NOTE
r-devel-linux-x86_64-fedora-gcc 1.1.2 328.36 NOTE
r-devel-windows-x86_64 1.1.2 14.00 194.00 208.00 NOTE
r-patched-linux-x86_64 1.1.2 12.68 245.20 257.88 NOTE
r-release-linux-x86_64 1.1.2 11.15 251.69 262.84 NOTE
r-release-macos-arm64 1.1.2 90.00 NOTE
r-release-macos-x86_64 1.1.2 141.00 NOTE
r-release-windows-x86_64 1.1.2 14.00 194.00 208.00 NOTE
r-oldrel-macos-arm64 1.1.2 94.00 OK
r-oldrel-macos-x86_64 1.1.2 191.00 OK
r-oldrel-windows-x86_64 1.1.2 21.00 251.00 272.00 OK

Check Details

Version: 1.1.2
Check: Rd files
Result: NOTE checkRd: (-1) regCVCF.Rd:52: Lost braces; missing escapes or markup? 52 | a decision tree with {C4.5} on each one. Using each classifier, a prediction of the whole dataset is obtained. | ^ checkRd: (-1) summary.rfdata.Rd:17: Lost braces; missing escapes or markup? 17 | A list including information related to the noise filtering process contained in the object \code{object} of class {rfdata} with the following elements: | ^ Flavors: r-devel-linux-x86_64-debian-clang, r-devel-linux-x86_64-debian-gcc, r-devel-linux-x86_64-fedora-clang, r-devel-linux-x86_64-fedora-gcc, r-devel-windows-x86_64, r-patched-linux-x86_64, r-release-linux-x86_64, r-release-macos-arm64, r-release-macos-x86_64, r-release-windows-x86_64