CRAN Package Check Results for Package rgugik

Last updated on 2024-06-13 04:52:38 CEST.

Flavor Version Tinstall Tcheck Ttotal Status Flags
r-devel-linux-x86_64-debian-clang 0.4.1 3.74 50.84 54.58 OK
r-devel-linux-x86_64-debian-gcc 0.4.1 2.92 36.70 39.62 ERROR
r-devel-linux-x86_64-fedora-clang 0.4.1 69.37 NOTE
r-devel-linux-x86_64-fedora-gcc 0.4.1 77.16 NOTE
r-devel-windows-x86_64 0.4.1 4.00 66.00 70.00 OK
r-patched-linux-x86_64 0.4.1 4.27 49.74 54.01 OK
r-release-linux-x86_64 0.4.1 3.61 49.32 52.93 OK
r-release-macos-arm64 0.4.1 34.00 OK
r-release-macos-x86_64 0.4.1 48.00 OK
r-release-windows-x86_64 0.4.1 4.00 68.00 72.00 OK
r-oldrel-macos-arm64 0.4.1 34.00 OK
r-oldrel-macos-x86_64 0.4.1 69.00 OK
r-oldrel-windows-x86_64 0.4.1 5.00 68.00 73.00 OK

Check Details

Version: 0.4.1
Check: package dependencies
Result: NOTE Package suggested but not available for checking: ‘testthat’ Flavor: r-devel-linux-x86_64-debian-gcc

Version: 0.4.1
Check: tests
Result: ERROR Running ‘testthat.R’ [0s/1s] Running the tests in ‘tests/testthat.R’ failed. Complete output: > library(testthat) Error in library(testthat) : there is no package called 'testthat' Execution halted Flavor: r-devel-linux-x86_64-debian-gcc

Version: 0.4.1
Check: data for non-ASCII characters
Result: NOTE Note: found 1471 marked UTF-8 strings Flavors: r-devel-linux-x86_64-fedora-clang, r-devel-linux-x86_64-fedora-gcc