CRAN Package Check Results for Package rigr

Last updated on 2024-06-24 22:57:21 CEST.

Flavor Version Tinstall Tcheck Ttotal Status Flags
r-devel-linux-x86_64-debian-clang 1.0.4 8.93 108.55 117.48 NOTE
r-devel-linux-x86_64-debian-gcc 1.0.4 9.64 79.10 88.74 NOTE
r-devel-linux-x86_64-fedora-clang 1.0.4 150.05 NOTE
r-devel-linux-x86_64-fedora-gcc 1.0.4 151.90 NOTE
r-devel-windows-x86_64 1.0.4 10.00 101.00 111.00 NOTE
r-patched-linux-x86_64 1.0.4 12.18 106.60 118.78 NOTE
r-release-linux-x86_64 1.0.4 9.83 105.65 115.48 NOTE
r-release-macos-arm64 1.0.4 48.00 NOTE
r-release-macos-x86_64 1.0.4 75.00 NOTE
r-release-windows-x86_64 1.0.4 11.00 100.00 111.00 NOTE
r-oldrel-macos-arm64 1.0.4 50.00 OK
r-oldrel-macos-x86_64 1.0.4 81.00 OK
r-oldrel-windows-x86_64 1.0.4 13.00 117.00 130.00 OK

Check Details

Version: 1.0.4
Check: Rd files
Result: NOTE checkRd: (-1) descrip.Rd:122: Lost braces in \itemize; \value handles \item{}{} directly checkRd: (-1) descrip.Rd:123: Lost braces in \itemize; \value handles \item{}{} directly checkRd: (-1) descrip.Rd:124-125: Lost braces in \itemize; \value handles \item{}{} directly checkRd: (-1) descrip.Rd:126-128: Lost braces in \itemize; \value handles \item{}{} directly checkRd: (-1) descrip.Rd:129-133: Lost braces in \itemize; \value handles \item{}{} directly checkRd: (-1) descrip.Rd:134-135: Lost braces in \itemize; \value handles \item{}{} directly checkRd: (-1) descrip.Rd:136-138: Lost braces in \itemize; \value handles \item{}{} directly checkRd: (-1) descrip.Rd:139-140: Lost braces in \itemize; \value handles \item{}{} directly checkRd: (-1) descrip.Rd:141-144: Lost braces in \itemize; \value handles \item{}{} directly checkRd: (-1) descrip.Rd:145-146: Lost braces in \itemize; \value handles \item{}{} directly checkRd: (-1) descrip.Rd:147: Lost braces in \itemize; \value handles \item{}{} directly checkRd: (-1) descrip.Rd:148: Lost braces in \itemize; \value handles \item{}{} directly checkRd: (-1) descrip.Rd:149: Lost braces in \itemize; \value handles \item{}{} directly Flavors: r-devel-linux-x86_64-debian-clang, r-devel-linux-x86_64-debian-gcc, r-devel-linux-x86_64-fedora-clang, r-devel-linux-x86_64-fedora-gcc, r-devel-windows-x86_64, r-patched-linux-x86_64, r-release-linux-x86_64, r-release-macos-arm64, r-release-macos-x86_64, r-release-windows-x86_64