CRAN Package Check Results for Package rio

Last updated on 2024-02-22 15:49:30 CET.

Flavor Version Tinstall Tcheck Ttotal Status Flags
r-devel-linux-x86_64-debian-clang 1.0.1 NOTE
r-devel-linux-x86_64-debian-gcc 1.0.1 3.39 54.00 57.39 OK
r-devel-linux-x86_64-fedora-clang 1.0.1 97.30 NOTE
r-devel-linux-x86_64-fedora-gcc 1.0.1 100.87 OK
r-devel-windows-x86_64 1.0.1 4.00 84.00 88.00 OK
r-patched-linux-x86_64 1.0.1 4.44 70.23 74.67 OK
r-release-linux-x86_64 1.0.1 2.69 70.78 73.47 OK
r-release-macos-arm64 1.0.1 48.00 OK
r-release-macos-x86_64 1.0.1 126.00 OK
r-release-windows-x86_64 1.0.1 7.00 102.00 109.00 OK
r-oldrel-macos-arm64 1.0.1 44.00 OK
r-oldrel-windows-x86_64 1.0.1 6.00 99.00 105.00 OK

Check Details

Version: 1.0.1
Check: package dependencies
Result: NOTE Package suggested but not available for checking: ‘arrow’ Flavors: r-devel-linux-x86_64-debian-clang, r-devel-linux-x86_64-fedora-clang