CRAN Package Check Results for Package rio

Last updated on 2021-10-26 13:52:20 CEST.

Flavor Version Tinstall Tcheck Ttotal Status Flags
r-devel-linux-x86_64-debian-clang 0.5.27 6.58 89.32 95.90 ERROR
r-devel-linux-x86_64-debian-gcc 0.5.27 5.12 65.09 70.21 ERROR
r-devel-linux-x86_64-fedora-clang 0.5.27 125.93 OK
r-devel-linux-x86_64-fedora-gcc 0.5.27 112.93 ERROR
r-devel-windows-x86_64 0.5.27 11.00 89.00 100.00 ERROR
r-devel-windows-x86_64-gcc10-UCRT 0.5.27 ERROR
r-patched-linux-x86_64 0.5.27 7.36 86.31 93.67 OK
r-patched-solaris-x86 0.5.27 151.70 OK
r-release-linux-x86_64 0.5.27 6.16 81.11 87.27 ERROR
r-release-macos-arm64 0.5.27 OK
r-release-macos-x86_64 0.5.27 OK
r-release-windows-ix86+x86_64 0.5.27 9.00 127.00 136.00 OK
r-oldrel-macos-x86_64 0.5.27 OK
r-oldrel-windows-ix86+x86_64 0.5.27 16.00 109.00 125.00 ERROR

Check Details

Version: 0.5.27
Check: tests
Result: ERROR
     Running 'test-all.R' [28s/33s]
    Running the tests in 'tests/test-all.R' failed.
    Complete output:
     > library("testthat")
     > library("rio")
     > test_check("rio", reporter = "summary")
     arg_reconcile:
     Reconcile user-supplied arguments with target function's call signature: ...................................
     characterize:
     characterize()/factorize(): ......
     compress:
     Compressed files: ..... adding: iris.csv (deflated 78%)
     .....
     convert:
     Convert: ......
     errors:
     Errors: .......... variable class width columns
     X1 X1 numeric 2 3-2
     ..
     export_list:
     Test export_list(): .............
     extensions:
     Extensions: ...
     format_R:
     R dump imports/exports: ....
     format_arff:
     Weka (.arff) imports/exports: ..
     format_csv:
     CSV imports/exports: ........
     CSV (.csv2) imports/exports: ..........
     format_csv_gz:
     .csv.gz imports/exports: ..
     format_csvy:
     CSVY imports/exports: ..
     format_dbf:
     XBASE (.dbf) imports/exports: ...
     format_dif:
     DIF imports/exports: .
     format_dta:
     Stata (.dta) imports/exports: ..........
     format_eviews:
     EViews import: .
     format_external_packages:
     External package Import/Export support: ...............
     format_feather:
     feather imports/exports: ..
     format_fortran:
     Fortran imports/exports: .
     format_fst:
     fst imports/exports: ..
     format_fwf:
     FWF imports/exports: ...W...........
     format_html:
     HTML imports/exports: .........
     format_json:
     JSON imports/exports: .....
     format_matlab:
     rmatio imports/exports: ...
     format_mtp:
     Minitab (.mtp) imports/exports:
     format_ods:
     ODS imports/exports: .......
     format_parquet:
     Parquet imports/exports: ..
     format_psv:
     PSV imports/exports: ..
     format_pzfx:
     pzfx imports/exports: ...
     format_rdata:
     Rdata imports/exports: ...........
     format_rds:
     Rds imports/exports: ......
     format_rec:
     Epiinfo (.rec) imports/exports:
     format_sas:
     SAS imports/exports: ...
     format_sav:
     SPSS (.sav) imports/exports: ......................
     format_syd:
     Systat (.syd) imports/exports: .
     format_tsv:
     TSV imports/exports: ..
     format_xls:
     Excel (xlsx) imports/exports: ............
     format_xml:
     XML imports/exports: ..WWWWW.
     format_yml:
     YAML imports/exports: ....
     gather_attrs:
     Gather attrs: ......................
     guess:
     Get File Extension: ..............
     identical:
     Check Data Identical: ..............WWWWWWWWWWW....
     import_list:
     Test import_list(): .................... adding: mtcars.csv (deflated 58%)
     .........
     install_formats:
     Install uninstalled formats: S...
     is_file_text:
     correctly identifying files as text vs binary: .........................
     *** caught segfault ***
     address 0x1, cause 'memory not mapped'
     Fatal error: *** recursive gc invocation
    
     Fatal error: *** recursive gc invocation
Flavor: r-devel-linux-x86_64-debian-clang

Version: 0.5.27
Check: tests
Result: ERROR
     Running ‘test-all.R’ [18s/30s]
    Running the tests in ‘tests/test-all.R’ failed.
    Complete output:
     > library("testthat")
     > library("rio")
     > test_check("rio", reporter = "summary")
     arg_reconcile:
     Reconcile user-supplied arguments with target function's call signature: ...................................
     characterize:
     characterize()/factorize(): ......
     compress:
     Compressed files: ..... adding: iris.csv (deflated 78%)
     .....
     convert:
     Convert: ......
     errors:
     Errors: .......... variable class width columns
     X1 X1 numeric 2 3-2
     ..
     export_list:
     Test export_list(): .............
     extensions:
     Extensions: ...
     format_R:
     R dump imports/exports: ....
     format_arff:
     Weka (.arff) imports/exports: ..
     format_csv:
     CSV imports/exports: ........
     CSV (.csv2) imports/exports: ..........
     format_csv_gz:
     .csv.gz imports/exports: ..
     format_csvy:
     CSVY imports/exports: ..
     format_dbf:
     XBASE (.dbf) imports/exports: ...
     format_dif:
     DIF imports/exports: .
     format_dta:
     Stata (.dta) imports/exports: ..........
     format_eviews:
     EViews import: .
     format_external_packages:
     External package Import/Export support: ...............
     format_feather:
     feather imports/exports: ..
     format_fortran:
     Fortran imports/exports: .
     format_fst:
     fst imports/exports: ..
     format_fwf:
     FWF imports/exports: ...W...........
     format_html:
     HTML imports/exports: .........
     format_json:
     JSON imports/exports: .....
     format_matlab:
     rmatio imports/exports: ...
     format_mtp:
     Minitab (.mtp) imports/exports:
     format_ods:
     ODS imports/exports: .......
     format_parquet:
     Parquet imports/exports: ..
     format_psv:
     PSV imports/exports: ..
     format_pzfx:
     pzfx imports/exports: ...
     format_rdata:
     Rdata imports/exports: ...........
     format_rds:
     Rds imports/exports: ......
     format_rec:
     Epiinfo (.rec) imports/exports:
     format_sas:
     SAS imports/exports: ...
     format_sav:
     SPSS (.sav) imports/exports: ......................
     format_syd:
     Systat (.syd) imports/exports: .
     format_tsv:
     TSV imports/exports: ..
     format_xls:
     Excel (xlsx) imports/exports: ............
     format_xml:
     XML imports/exports: ..WWWWW.
     format_yml:
     YAML imports/exports: ....
     gather_attrs:
     Gather attrs: ......................
     guess:
     Get File Extension: ..............
     identical:
     Check Data Identical: ..............WWWWWWWWWWW....
     import_list:
     Test import_list(): .................... adding: mtcars.csv (deflated 58%)
     .........
     install_formats:
     Install uninstalled formats: S...
     is_file_text:
     correctly identifying files as text vs binary: .........................
     *** caught segfault ***
     address 0x557f00000004, cause 'memory not mapped'
     Fatal error: *** recursive gc invocation
    
     Fatal error: *** recursive gc invocation
Flavor: r-devel-linux-x86_64-debian-gcc

Version: 0.5.27
Check: tests
Result: ERROR
     Running ‘test-all.R’ [31s/43s]
    Running the tests in ‘tests/test-all.R’ failed.
    Complete output:
     > library("testthat")
     > library("rio")
     > test_check("rio", reporter = "summary")
     arg_reconcile:
     Reconcile user-supplied arguments with target function's call signature: ...................................
     characterize:
     characterize()/factorize(): ......
     compress:
     Compressed files: ..... adding: iris.csv (deflated 78%)
     .....
     convert:
     Convert: ......
     errors:
     Errors: .......... variable class width columns
     X1 X1 numeric 2 3-2
     ..
     export_list:
     Test export_list(): .............
     extensions:
     Extensions: ...
     format_R:
     R dump imports/exports: ....
     format_arff:
     Weka (.arff) imports/exports: ..
     format_csv:
     CSV imports/exports: ........
     CSV (.csv2) imports/exports: ..........
     format_csv_gz:
     .csv.gz imports/exports: ..
     format_csvy:
     CSVY imports/exports: ..
     format_dbf:
     XBASE (.dbf) imports/exports: ...
     format_dif:
     DIF imports/exports: .
     format_dta:
     Stata (.dta) imports/exports: ..........
     format_eviews:
     EViews import: .
     format_external_packages:
     External package Import/Export support: ...............
     format_feather:
     feather imports/exports: ..
     format_fortran:
     Fortran imports/exports: .
     format_fst:
     fst imports/exports: ..
     format_fwf:
     FWF imports/exports: ...W...........
     format_html:
     HTML imports/exports: .........
     format_json:
     JSON imports/exports: .....
     format_matlab:
     rmatio imports/exports: ...
     format_mtp:
     Minitab (.mtp) imports/exports:
     format_ods:
     ODS imports/exports: .......
     format_parquet:
     Parquet imports/exports: ..
     format_psv:
     PSV imports/exports: ..
     format_pzfx:
     pzfx imports/exports: ...
     format_rdata:
     Rdata imports/exports: ...........
     format_rds:
     Rds imports/exports: ......
     format_rec:
     Epiinfo (.rec) imports/exports:
     format_sas:
     SAS imports/exports: ...
     format_sav:
     SPSS (.sav) imports/exports: ......................
     format_syd:
     Systat (.syd) imports/exports: .
     format_tsv:
     TSV imports/exports: ..
     format_xls:
     Excel (xlsx) imports/exports: ............
     format_xml:
     XML imports/exports: ..WWWWW.
     format_yml:
     YAML imports/exports: ....
     gather_attrs:
     Gather attrs: ......................
     guess:
     Get File Extension: ..............
     identical:
     Check Data Identical: ..............WWWWWWWWWWW....
     import_list:
     Test import_list(): .................... adding: mtcars.csv (deflated 58%)
     .........
     install_formats:
     Install uninstalled formats: S...
     is_file_text:
     correctly identifying files as text vs binary: .......................
     *** caught segfault ***
     address 0x4, cause 'memory not mapped'
     *** recursive gc invocation
     *** recursive gc invocation
     *** recursive gc invocation
     *** recursive gc invocation
     *** recursive gc invocation
     *** recursive gc invocation
     *** recursive gc invocation
     *** recursive gc invocation
     *** recursive gc invocation
     *** recursive gc invocation
     *** recursive gc invocation
     *** recursive gc invocation
     *** recursive gc invocation
     *** recursive gc invocation
     *** recursive gc invocation
     *** recursive gc invocation
     *** recursive gc invocation
     *** recursive gc invocation
     *** recursive gc invocation
     *** recursive gc invocation
     *** recursive gc invocation
     *** recursive gc invocation
     *** recursive gc invocation
     *** recursive gc invocation
     *** recursive gc invocation
     *** recursive gc invocation
     *** recursive gc invocation
     *** recursive gc invocation
     *** recursive gc invocation
     *** recursive gc invocation
     *** recursive gc invocation
     *** recursive gc invocation
     *** recursive gc invocation
     *** recursive gc invocation
     *** recursive gc invocation
     *** recursive gc invocation
     *** recursive gc invocation
     *** recursive gc invocation
     *** recursive gc invocation
     *** recursive gc invocation
     *** recursive gc invocation
     *** recursive gc invocation
     *** recursive gc invocation
     *** recursive gc invocation
     *** recursive gc invocation
     *** recursive gc invocation
     *** recursive gc invocation
     *** recursive gc invocation
     *** recursive gc invocation
     *** recursive gc invocation
     *** recursive gc invocation
     *** recursive gc invocation
     *** recursive gc invocation
     *** recursive gc invocation
     *** recursive gc invocation
     *** recursive gc invocation
     *** recursive gc invocation
     *** recursive gc invocation
     *** recursive gc invocation
     *** recursive gc invocation
     *** recursive gc invocation
     *** recursive gc invocation
     *** recursive gc invocation
     *** recursive gc invocation
     *** recursive gc invocation
     *** recursive gc invocation
     *** recursive gc invocation
     *** recursive gc invocation
     *** recursive gc invocation
     *** recursive gc invocation
     *** recursive gc invocation
     *** recursive gc invocation
     *** recursive gc invocation
     *** recursive gc invocation
     *** recursive gc invocation
     *** recursive gc invocation
     *** recursive gc invocation
     *** recursive gc invocation
     *** recursive gc invocation
     *** recursive gc invocation
     *** recursive gc invocation
     *** recursive gc invocation
     *** recursive gc invocation
     *** recursive gc invocation
     *** recursive gc invocation
     *** recursive gc invocation
     *** recursive gc invocation
     *** recursive gc invocation
     *** recursive gc invocation
     *** recursive gc invocation
     *** recursive gc invocation
     *** recursive gc invocation
     *** recursive gc invocation
     *** recursive gc invocation
     *** recursive gc invocation
     *** recursive gc invocation
     *** recursive gc invocation
     *** recursive gc invocation
     *** recursive gc invocation
     *** recursive gc invocation
     *** recursive gc invocation
     *** recursive gc invocation
     *** recursive gc invocation
     *** recursive gc invocation
     *** recursive gc invocation
     *** recursive gc invocation
     *** recursive gc invocation
     *** recursive gc invocation
     *** recursive gc invocation
     *** recursive gc invocation
     *** recursive gc invocation
     *** recursive gc invocation
     *** recursive gc invocation
     *** recursive gc invocation
     *** recursive gc invocation
     *** recursive gc invocation
     *** recursive gc invocation
     *** recursive gc invocation
     *** recursive gc invocation
     *** recursive gc invocation
     *** recursive gc invocation
     *** recursive gc invocation
     *** recursive gc invocation
     *** recursive gc invocation
     *** recursive gc invocation
     *** recursive gc invocation
     *** recursive gc invocation
     *** recursive gc invocation
     *** recursive gc invocation
     *** recursive gc invocation
     *** recursive gc invocation
     *** recursive gc invocation
     *** recursive gc invocation
     *** recursive gc invocation
     *** recursive gc invocation
     *** recursive gc invocation
     *** recursive gc invocation
     *** recursive gc invocation
     *** recursive gc invocation
     *** recursive gc invocation
     *** recursive gc invocation
     *** recursive gc invocation
     *** recursive gc invocation
     *** recursive gc invocation
     *** recursive gc invocation
     *** recursive gc invocation
     *** recursive gc invocation
     *** recursive gc invocation
     *** recursive gc invocation
     *** recursive gc invocation
     *** recursive gc invocation
     *** recursive gc invocation
     *** recursive gc invocation
     *** recursive gc invocation
     *** recursive gc invocation
     *** recursive gc invocation
     *** recursive gc invocation
     *** recursive gc invocation
     *** recursive gc invocation
     *** recursive gc invocation
     *** recursive gc invocation
     *** recursive gc invocation
     *** recursive gc invocation
     *** recursive gc invocation
     *** recursive gc invocation
     *** recursive gc invocation
     *** recursive gc invocation
     *** recursive gc invocation
     *** recursive gc invocation
     *** recursive gc invocation
     *** recursive gc invocation
     *** recursive gc invocation
     *** recursive gc invocation
     *** recursive gc invocation
     *** recursive gc invocation
     *** recursive gc invocation
     *** recursive gc invocation
     *** recursive gc invocation
     *** recursive gc invocation
     *** recursive gc invocation
     *** recursive gc invocation
     *** recursive gc invocation
     *** recursive gc invocation
     *** recursive gc invocation
     *** recursive gc invocation
     *** recursive gc invocation
     *** recursive gc invocation
     *** recursive gc invocation
     *** recursive gc invocation
     *** recursive gc invocation
     *** recursive gc invocation
     *** recursive gc invocation
     *** recursive gc invocation
     *** recursive gc invocation
     *** recursive gc invocation
     *** recursive gc invocation
     *** recursive gc invocation
     *** recursive gc invocation
     *** recursive gc invocation
     *** recursive gc invocation
     *** recursive gc invocation
     *** recursive gc invocation
     *** recursive gc invocation
     *** recursive gc invocation
     *** recursive gc invocation
     *** recursive gc invocation
     *** recursive gc invocation
     *** recursive gc invocation
     *** recursive gc invocation
     *** recursive gc invocation
     *** recursive gc invocation
     *** recursive gc invocation
     *** recursive gc invocation
     *** recursive gc invocation
     *** recursive gc invocation
     *** recursive gc invocation
     *** recursive gc invocation
     *** recursive gc invocation
     *** recursive gc invocation
     *** recursive gc invocation
     *** recursive gc invocation
     *** recursive gc invocation
     *** recursive gc invocation
     *** recursive gc invocation
     *** recursive gc invocation
     *** recursive gc invocation
     *** recursive gc invocation
     *** recursive gc invocation
     *** recursive gc invocation
     *** recursive gc invocation
     *** recursive gc invocation
     *** recursive gc invocation
     *** recursive gc invocation
     *** recursive gc invocation
     *** recursive gc invocation
     *** recursive gc invocation
     *** recursive gc invocation
     *** recursive gc invocation
     *** recursive gc invocation
     *** recursive gc invocation
     *** recursive gc invocation
     *** recursive gc invocation
     *** recursive gc invocation
     *** recursive gc invocation
     *** recursive gc invocation
     *** recursive gc invocation
     *** recursive gc invocation
     *** recursive gc invocation
     *** recursive gc invocation
     *** recursive gc invocation
     *** recursive gc invocation
     *** recursive gc invocation
     *** recursive gc invocation
     *** recursive gc invocation
     *** recursive gc invocation
     *** recursive gc invocation
     *** recursive gc invocation
     *** recursive gc invocation
     *** recursive gc invocation
     *** recursive gc invocation
     *** recursive gc invocation
     *** recursive gc invocation
     *** recursive gc invocation
     *** recursive gc invocation
     *** recursive gc invocation
     *** recursive gc invocation
     *** recursive gc invocation
     *** recursive gc invocation
     *** recursive gc invocation
     *** recursive gc invocation
     *** recursive gc invocation
     *** recursive gc invocation
     *** recursive gc invocation
     *** recursive gc invocation
     *** recursive gc invocation
     *** recursive gc invocation
     *** recursive gc invocation
     *** recursive gc invocation
     *** recursive gc invocation
     *** recursive gc invocation
     *** recursive gc invocation
     *** recursive gc invocation
     *** recursive gc invocation
     *** recursive gc invocation
     *** recursive gc invocation
     *** recursive gc invocation
     *** recursive gc invocation
     *** recursive gc invocation
     *** recursive gc invocation
     *** recursive gc invocation
     *** recursive gc invocation
     *** recursive gc invocation
     *** recursive gc invocation
     *** recursive gc invocation
     *** recursive gc invocation
     *** recursive gc invocation
     *** recursive gc invocation
     *** recursive gc invocation
     *** recursive gc invocation
     *** recursive gc invocation
     *** recursive gc invocation
     *** recursive gc invocation
     *** recursive gc invocation
     *** recursive gc invocation
     *** recursive gc invocation
     *** recursive gc invocation
     *** recursive gc invocation
     *** recursive gc invocation
     *** recursive gc invocation
     *** recursive gc invocation
     *** recursive gc invocation
     *** recursive gc invocation
     *** recursive gc invocation
     *** recursive gc invocation
     *** recursive gc invocation
     *** recursive gc invocation
     *** recursive gc invocation
     *** recursive gc invocation
     *** recursive gc invocation
     *** recursive gc invocation
     *** recursive gc invocation
     *** recursive gc invocation
     *** recursive gc invocation
     *** recursive gc invocation
     *** recursive gc invocation
     *** recursive gc invocation
     *** recursive gc invocation
     *** recursive gc invocation
     *** recursive gc invocation
     *** recursive gc invocation
     *** recursive gc invocation
     *** recursive gc invocation
     *** recursive gc invocation
     *** recursive gc invocation
     *** recursive gc invocation
     *** recursive gc invocation
     *** recursive gc invocation
     *** recursive gc invocation
     *** recursive gc invocation
     *** recursive gc invocation
     *** recursive gc invocation
     *** recursive gc invocation
     *** recursive gc invocation
     *** recursive gc invocation
     *** recursive gc invocation
     *** recursive gc invocation
     *** recursive gc invocation
     *** recursive gc invocation
     *** recursive gc invocation
     *** recursive gc invocation
     *** recursive gc invocation
     *** recursive gc invocation
     *** recursive gc invocation
     *** recursive gc invocation
     *** recursive gc invocation
     *** recursive gc invocation
     *** recursive gc invocation
     *** recursive gc invocation
     *** recursive gc invocation
     *** recursive gc invocation
     *** recursive gc invocation
     *** recursive gc invocation
     *** recursive gc invocation
     *** recursive gc invocation
     *** recursive gc invocation
     *** recursive gc invocation
     *** recursive gc invocation
     *** recursive gc invocation
     *** recursive gc invocation
     *** recursive gc invocation
     *** recursive gc invocation
     *** recursive gc invocation
     *** recursive gc invocation
     *** recursive gc invocation
     *** recursive gc invocation
     *** recursive gc invocation
     *** recursive gc invocation
     *** recursive gc invocation
     *** recursive gc invocation
     *** recursive gc invocation
     *** recursive gc invocation
     *** recursive gc invocation
     *** recursive gc invocation
     *** recursive gc invocation
     *** recursive gc invocation
     *** recursive gc invocation
     *** recursive gc invocation
     *** recursive gc invocation
     *** recursive gc invocation
     *** recursive gc invocation
     *** recursive gc invocation
     *** recursive gc invocation
     *** recursive gc invocation
     *** recursive gc invocation
     *** recursive gc invocation
     *** recursive gc invocation
     *** recursive gc invocation
     *** recursive gc invocation
     *** recursive gc invocation
     *** recursive gc invocation
     *** recursive gc invocation
     *** recursive gc invocation
     *** recursive gc invocation
     *** recursive gc invocation
     *** recursive gc invocation
     *** recursive gc invocation
     *** recursive gc invocation
     *** recursive gc invocation
     *** recursive gc invocation
     *** recursive gc invocation
     *** recursive gc invocation
     *** recursive gc invocation
     *** recursive gc invocation
     *** recursive gc invocation
     *** recursive gc invocation
     *** recursive gc invocation
     *** recursive gc invocation
     *** recursive gc invocation
     *** recursive gc invocation
     *** recursive gc invocation
     *** recursive gc invocation
     *** recursive gc invocation
     *** recursive gc invocation
     *** recursive gc invocation
     *** recursive gc invocation
     *** recursive gc invocation
     *** recursive gc invocation
     *** recursive gc invocation
     *** recursive gc invocation
     *** recursive gc invocation
     *** recursive gc invocation
     *** recursive gc invocation
     *** recursive gc invocation
     *** recursive gc invocation
     *** recursive gc invocation
     *** recursive gc invocation
     *** recursive gc invocation
     *** recursive gc invocation
     *** recursive gc invocation
     *** recursive gc invocation
     *** recursive gc invocation
     *** recursive gc invocation
     *** recursive gc invocation
     *** recursive gc invocation
     *** recursive gc invocation
     *** recursive gc invocation
     *** recursive gc invocation
     *** recursive gc invocation
     *** recursive gc invocation
     *** recursive gc invocation
     *** recursive gc invocation
     *** recursive gc invocation
     *** recursive gc invocation
     *** recursive gc invocation
     *** recursive gc invocation
     *** recursive gc invocation
     *** recursive gc invocation
     *** recursive gc invocation
     *** recursive gc invocation
     *** recursive gc invocation
     *** recursive gc invocation
     *** recursive gc invocation
     *** recursive gc invocation
     *** recursive gc invocation
     *** recursive gc invocation
     *** recursive gc invocation
     *** recursive gc invocation
     *** recursive gc invocation
     *** recursive gc invocation
     *** recursive gc invocation
     *** recursive gc invocation
     *** recursive gc invocation
     *** recursive gc invocation
     *** recursive gc invocation
     *** recursive gc invocation
     *** recursive gc invocation
     *** recursive gc invocation
     *** recursive gc invocation
     *** recursive gc invocation
     *** recursive gc invocation
     *** recursive gc invocation
     *** recursive gc invocation
     *** recursive gc invocation
     *** recursive gc invocation
     *** recursive gc invocation
     *** recursive gc invocation
     *** recursive gc invocation
     *** recursive gc invocation
     *** recursive gc invocation
     *** recursive gc invocation
     *** recursive gc invocation
     *** recursive gc invocation
     *** recursive gc invocation
     *** recursive gc invocation
     *** recursive gc invocation
     *** recursive gc invocation
     *** recursive gc invocation
     *** recursive gc invocation
     *** recursive gc invocation
     *** recursive gc invocation
     *** recursive gc invocation
     *** recursive gc invocation
     *** recursive gc invocation
     *** recursive gc invocation
     *** recursive gc invocation
     *** recursive gc invocation
     *** recursive gc invocation
     *** recursive gc invocation
     *** recursive gc invocation
     *** recursive gc invocation
     *** recursive gc invocation
     *** recursive gc invocation
     *** recursive gc invocation
     *** recursive gc invocation
     *** recursive gc invocation
     *** recursive gc invocation
     *** recursive gc invocation
     *** recursive gc invocation
     *** recursive gc invocation
     *** recursive gc invocation
     *** recursive gc invocation
     *** recursive gc invocation
     *** recursive gc invocation
     *** recursive gc invocation
     *** recursive gc invocation
     *** recursive gc invocation
     *** recursive gc invocation
     *** recursive gc invocation
     *** recursive gc invocation
     *** recursive gc invocation
     *** recursive gc invocation
     *** recursive gc invocation
     *** recursive gc invocation
     *** recursive gc invocation
     *** recursive gc invocation
     *** recursive gc invocation
     *** recursive gc invocation
     *** recursive gc invocation
     *** recursive gc invocation
     *** recursive gc invocation
     *** recursive gc invocation
     *** recursive gc invocation
     *** recursive gc invocation
     *** recursive gc invocation
     *** recursive gc invocation
     *** recursive gc invocation
     *** recursive gc invocation
     *** recursive gc invocation
     *** recursive gc invocation
     *** recursive gc invocation
     *** recursive gc invocation
     *** recursive gc invocation
     *** recursive gc invocation
     *** recursive gc invocation
     *** recursive gc invocation
     *** recursive gc invocation
     *** recursive gc invocation
     *** recursive gc invocation
     *** recursive gc invocation
     *** recursive gc invocation
     *** recursive gc invocation
     *** recursive gc invocation
     *** recursive gc invocation
     *** recursive gc invocation
     *** recursive gc invocation
     *** recursive gc invocation
     *** recursive gc invocation
     *** recursive gc invocation
     *** recursive gc invocation
     *** recursive gc invocation
     *** recursive gc invocation
     *** recursive gc invocation
     *** recursive gc invocation
     *** recursive gc invocation
     *** recursive gc invocation
     *** recursive gc invocation
     *** recursive gc invocation
     *** recursive gc invocation
     *** recursive gc invocation
     *** recursive gc invocation
     *** recursive gc invocation
     *** recursive gc invocation
     *** recursive gc invocation
     *** recursive gc invocation
     *** recursive gc invocation
     *** recursive gc invocation
     *** recursive gc invocation
     *** recursive gc invocation
     *** recursive gc invocation
     *** recursive gc invocation
     *** recursive gc invocation
     *** recursive gc invocation
     *** recursive gc invocation
     *** recursive gc invocation
     *** recursive gc invocation
     *** recursive gc invocation
     *** recursive gc invocation
     *** recursive gc invocation
     *** recursive gc invocation
     *** recursive gc invocation
     *** recursive gc invocation
     *** recursive gc invocation
     *** recursive gc invocation
     *** recursive gc invocation
     *** recursive gc invocation
     *** recursive gc invocation
     *** recursive gc invocation
     *** recursive gc invocation
     *** recursive gc invocation
     *** recursive gc invocation
     *** recursive gc invocation
     *** recursive gc invocation
     *** recursive gc invocation
     *** recursive gc invocation
     *** recursive gc invocation
     *** recursive gc invocation
     *** recursive gc invocation
     *** recursive gc invocation
     *** recursive gc invocation
     *** recursive gc invocation
     *** recursive gc invocation
     *** recursive gc invocation
     *** recursive gc invocation
     *** recursive gc invocation
     *** recursive gc invocation
     *** recursive gc invocation
     *** recursive gc invocation
     *** recursive gc invocation
     *** recursive gc invocation
     *** recursive gc invocation
     *** recursive gc invocation
     *** recursive gc invocation
     *** recursive gc invocation
     *** recursive gc invocation
     *** recursive gc invocation
     *** recursive gc invocation
     *** recursive gc invocation
     *** recursive gc invocation
     *** recursive gc invocation
     *** recursive gc invocation
     *** recursive gc invocation
     *** recursive gc invocation
     *** recursive gc invocation
     *** recursive gc invocation
     *** recursive gc invocation
     *** recursive gc invocation
     *** recursive gc invocation
     *** recursive gc invocation
     *** recursive gc invocation
     *** recursive gc invocation
     *** recursive gc invocation
     *** recursive gc invocation
     *** recursive gc invocation
     *** recursive gc invocation
     *** recursive gc invocation
     *** recursive gc invocation
     *** recursive gc invocation
     *** recursive gc invocation
     *** recursive gc invocation
     *** recursive gc invocation
     *** recursive gc invocation
     *** recursive gc invocation
     *** recursive gc invocation
     *** recursive gc invocation
     *** recursive gc invocation
     *** recursive gc invocation
     *** recursive gc invocation
     *** recursive gc invocation
     *** recursive gc invocation
     *** recursive gc invocation
     *** recursive gc invocation
     *** recursive gc invocation
     *** recursive gc invocation
     *** recursive gc invocation
     *** recursive gc invocation
     *** recursive gc invocation
     *** recursive gc invocation
     *** recursive gc invocation
     *** recursive gc invocation
     *** recursive gc invocation
     *** recursive gc invocation
     *** recursive gc invocation
     *** recursive gc invocation
     *** recursive gc invocation
     *** recursive gc invocation
     *** recursive gc invocation
     *** recursive gc invocation
     *** recursive gc invocation
     *** recursive gc invocation
     *** recursive gc invocation
     *** recursive gc invocation
     *** recursive gc invocation
     *** recursive gc invocation
     *** recursive gc invocation
     *** recursive gc invocation
     *** recursive gc invocation
     *** recursive gc invocation
     *** recursive gc invocation
     *** recursive gc invocation
     *** recursive gc invocation
     *** recursive gc invocation
     *** recursive gc invocation
     *** recursive gc invocation
     *** recursive gc invocation
     *** recursive gc invocation
     *** recursive gc invocation
     *** recursive gc invocation
     *** recursive gc invocation
     *** recursive gc invocation
     *** recursive gc invocation
     *** recursive gc invocation
     *** recursive gc invocation
     *** recursive gc invocation
     *** recursive gc invocation
     *** recursive gc invocation
     *** recursive gc invocation
     *** recursive gc invocation
     *** recursive gc invocation
     *** recursive gc invocation
     *** recursive gc invocation
     *** recursive gc invocation
     *** recursive gc invocation
     *** recursive gc invocation
     *** recursive gc invocation
     *** recursive gc invocation
     *** recursive gc invocation
     *** recursive gc invocation
     *** recursive gc invocation
     *** recursive gc invocation
     *** recursive gc invocation
     *** recursive gc invocation
     *** recursive gc invocation
     *** recursive gc invocation
     *** recursive gc invocation
     *** recursive gc invocation
     *** recursive gc invocation
     *** recursive gc invocation
     *** recursive gc invocation
     *** recursive gc invocation
     *** recursive gc invocation
     *** recursive gc invocation
     *** recursive gc invocation
     *** recursive gc invocation
     *** recursive gc invocation
     *** recursive gc invocation
     *** recursive gc invocation
     *** recursive gc invocation
     *** recursive gc invocation
     *** recursive gc invocation
     *** recursive gc invocation
     *** recursive gc invocation
     *** recursive gc invocation
     *** recursive gc invocation
     *** recursive gc invocation
     *** recursive gc invocation
     *** recursive gc invocation
     *** recursive gc invocation
     *** recursive gc invocation
     *** recursive gc invocation
     *** recursive gc invocation
     *** recursive gc invocation
     *** recursive gc invocation
     *** recursive gc invocation
     *** recursive gc invocation
     *** recursive gc invocation
     *** recursive gc invocation
     *** recursive gc invocation
     *** recursive gc invocation
     *** recursive gc invocation
     *** recursive gc invocation
     *** recursive gc invocation
     *** recursive gc invocation
     *** recursive gc invocation
     *** recursive gc invocation
     *** recursive gc invocation
     *** recursive gc invocation
     *** recursive gc invocation
     *** recursive gc invocation
     *** recursive gc invocation
     *** recursive gc invocation
     *** recursive gc invocation
     *** recursive gc invocation
     *** recursive gc invocation
     *** recursive gc invocation
     *** recursive gc invocation
     *** recursive gc invocation
     *** recursive gc invocation
     *** recursive gc invocation
     *** recursive gc invocation
     *** recursive gc invocation
     *** recursive gc invocation
     *** recursive gc invocation
     *** recursive gc invocation
     *** recursive gc invocation
     *** recursive gc invocation
     *** recursive gc invocation
     *** recursive gc invocation
     *** recursive gc invocation
     *** recursive gc invocation
     *** recursive gc invocation
     *** recursive gc invocation
     *** recursive gc invocation
     *** recursive gc invocation
     *** recursive gc invocation
     *** recursive gc invocation
     *** recursive gc invocation
     *** recursive gc invocation
     *** recursive gc invocation
     *** recursive gc invocation
     *** recursive gc invocation
     *** recursive gc invocation
     *** recursive gc invocation
     *** recursive gc invocation
     *** recursive gc invocation
     *** recursive gc invocation
     *** recursive gc invocation
     *** recursive gc invocation
     *** recursive gc invocation
     *** recursive gc invocation
     *** recursive gc invocation
     *** recursive gc invocation
     *** recursive gc invocation
     *** recursive gc invocation
     *** recursive gc invocation
     *** recursive gc invocation
     *** recursive gc invocation
     *** recursive gc invocation
     *** recursive gc invocation
     *** recursive gc invocation
     *** recursive gc invocation
     *** recursive gc invocation
     *** recursive gc invocation
     *** recursive gc invocation
     *** recursive gc invocation
     *** recursive gc invocation
     *** recursive gc invocation
     *** recursive gc invocation
     *** recursive gc invocation
     *** recursive gc invocation
     *** recursive gc invocation
     *** recursive gc invocation
     *** recursive gc invocation
     *** recursive gc invocation
     *** recursive gc invocation
     *** recursive gc invocation
     *** recursive gc invocation
     *** recursive gc invocation
     *** recursive gc invocation
     *** recursive gc invocation
     *** recursive gc invocation
     *** recursive gc invocation
     *** recursive gc invocation
     *** recursive gc invocation
     *** recursive gc invocation
     *** recursive gc invocation
     *** recursive gc invocation
     *** recursive gc invocation
     *** recursive gc invocation
     *** recursive gc invocation
     *** recursive gc invocation
     *** recursive gc invocation
     *** recursive gc invocation
     *** recursive gc invocation
     *** recursive gc invocation
     *** recursive gc invocation
     *** recursive gc invocation
     *** recursive gc invocation
     *** recursive gc invocation
     *** recursive gc invocation
     *** recursive gc invocation
     *** recursive gc invocation
     *** recursive gc invocation
     *** recursive gc invocation
     *** recursive gc invocation
     *** recursive gc invocation
     *** recursive gc invocation
     *** recursive gc invocation
     *** recursive gc invocation
     *** recursive gc invocation
     *** recursive gc invocation
     *** recursive gc invocation
     *** recursive gc invocation
     *** recursive gc invocation
     *** recursive gc invocation
     *** recursive gc invocation
     *** recursive gc invocation
     *** recursive gc invocation
     *** recursive gc invocation
     *** recursive gc invocation
     *** recursive gc invocation
     *** recursive gc invocation
     *** recursive gc invocation
     *** recursive gc invocation
     *** recursive gc invocation
     *** recursive gc invocation
     *** recursive gc invocation
     *** recursive gc invocation
     *** recursive gc invocation
     *** recursive gc invocation
     *** recursive gc invocation
     *** recursive gc invocation
     *** recursive gc invocation
     *** recursive gc invocation
     *** recursive gc invocation
     *** recursive gc invocation
     *** recursive gc invocation
     *** recursive gc invocation
     *** recursive gc invocation
     *** recursive gc invocation
     *** recursive gc invocation
     *** recursive gc invocation
     *** recursive gc invocation
     *** recursive gc invocation
     *** recursive gc invocation
     *** recursive gc invocation
     *** recursive gc invocation
     *** recursive gc invocation
     *** recursive gc invocation
     *** recursive gc invocation
     *** recursive gc invocation
     *** recursive gc invocation
     *** recursive gc invocation
     *** recursive gc invocation
     *** recursive gc invocation
     *** recursive gc invocation
     *** recursive gc invocation
     *** recursive gc invocation
     *** recursive gc invocation
     *** recursive gc invocation
     *** recursive gc invocation
     *** recursive gc invocation
     *** recursive gc invocation
     *** recursive gc invocation
     *** recursive gc invocation
     *** recursive gc invocation
     *** recursive gc invocation
     *** recursive gc invocation
    
     Traceback:
     1: structure(list(node = node, doc = doc), class = "xml_node")
     2: FUN(X[[i]], ...)
     3: lapply(nodes, xml_node, doc = x$doc)
     4: xml_nodeset(lapply(nodes, xml_node, doc = x$doc))
     5: nodeset_apply.xml_node(x, function(x) .Call(node_children, x, TRUE))
     6: nodeset_apply(x, function(x) .Call(node_children, x, TRUE))
     7: xml_children(.x)
     8: xml_add_child.xml_node(parent, tag)
     9: xml_add_child(parent, tag)
     10: add_node(x[[i]], parent, names(x)[[i]])
     11: add_node(x[[i]], parent, names(x)[[i]])
     12: add_node(x[[i]], parent, names(x)[[i]])
     13: add_node(x[[i]], parent, names(x)[[i]])
     14: add_node(x[[i]], parent, names(x)[[i]])
     15: add_node(x[[i]], parent, names(x)[[i]])
     16: add_node(x, doc)
     17: as_xml_document.list(lst)
     18: xml2::as_xml_document(lst)
     19: pzfx::write_pzfx(x = x, path = file, ..., row_names = row_names)
     20: .export.rio_pzfx(file = file, x = x, ...)
     21: .export(file = file, x = x, ...)
     22: export(iris[, -5], "iris.pzfx")
     23: is_file_text(export(iris[, -5], "iris.pzfx"))
     24: eval_bare(expr, quo_get_env(quo))
     25: quasi_label(enquo(object), label, arg = "object")
     26: expect_true(is_file_text(export(iris[, -5], "iris.pzfx")))
     27: eval(code, test_env)
     28: eval(code, test_env)
     29: withCallingHandlers({ eval(code, test_env) if (!handled && !is.null(test)) { skip_empty() }}, expectation = handle_expectation, skip = handle_skip, warning = handle_warning, message = handle_message, error = handle_error)
     30: doTryCatch(return(expr), name, parentenv, handler)
     31: tryCatchOne(expr, names, parentenv, handlers[[1L]])
     32: tryCatchList(expr, names[-nh], parentenv, handlers[-nh])
     33: doTryCatch(return(expr), name, parentenv, handler)
     34: tryCatchOne(tryCatchList(expr, names[-nh], parentenv, handlers[-nh]), names[nh], parentenv, handlers[[nh]])
     35: tryCatchList(expr, classes, parentenv, handlers)
     36: tryCatch(withCallingHandlers({ eval(code, test_env) if (!handled && !is.null(test)) { skip_empty() }}, expectation = handle_expectation, skip = handle_skip, warning = handle_warning, message = handle_message, error = handle_error), error = handle_fatal, skip = function(e) { })
     37: test_code(desc, code, env = parent.frame(), reporter = reporter)
     38: test_that("pzfx recognized as text", { skip_if_not_installed(pkg = "pzfx") expect_true(is_file_text(export(iris[, -5], "iris.pzfx")))})
     39: eval(code, test_env)
     40: eval(code, test_env)
     41: withCallingHandlers({ eval(code, test_env) if (!handled && !is.null(test)) { skip_empty() }}, expectation = handle_expectation, skip = handle_skip, warning = handle_warning, message = handle_message, error = handle_error)
     42: doTryCatch(return(expr), name, parentenv, handler)
     43: tryCatchOne(expr, names, parentenv, handlers[[1L]])
     44: tryCatchList(expr, names[-nh], parentenv, handlers[-nh])
     45: doTryCatch(return(expr), name, parentenv, handler)
     46: tryCatchOne(tryCatchList(expr, names[-nh], parentenv, handlers[-nh]), names[nh], parentenv, handlers[[nh]])
     47: tryCatchList(expr, classes, parentenv, handlers)
     48: tryCatch(withCallingHandlers({ eval(code, test_env) if (!handled && !is.null(test)) { skip_empty() }}, expectation = handle_expectation, skip = handle_skip, warning = handle_warning, message = handle_message, error = handle_error), error = handle_fatal, skip = function(e) { })
     49: test_code(NULL, exprs, env)
     50: source_file(path, child_env(env), wrap = wrap)
     51: FUN(X[[i]], ...)
     52: lapply(test_paths, test_one_file, env = env, wrap = wrap)
     53: doTryCatch(return(expr), name, parentenv, handler)
     54: tryCatchOne(expr, names, parentenv, handlers[[1L]])
     55: tryCatchList(expr, classes, parentenv, handlers)
     56: tryCatch(code, testthat_abort_reporter = function(cnd) { cat(conditionMessage(cnd), "\n") NULL})
     57: with_reporter(reporters$multi, lapply(test_paths, test_one_file, env = env, wrap = wrap))
     58: test_files(test_dir = test_dir, test_package = test_package, test_paths = test_paths, load_helpers = load_helpers, reporter = reporter, env = env, stop_on_failure = stop_on_failure, stop_on_warning = stop_on_warning, wrap = wrap, load_package = load_package)
     59: test_files(test_dir = path, test_paths = test_paths, test_package = package, reporter = reporter, load_helpers = load_helpers, env = env, stop_on_failure = stop_on_failure, stop_on_warning = stop_on_warning, wrap = wrap, load_package = load_package, parallel = parallel)
     60: test_dir("testthat", package = package, reporter = reporter, ..., load_package = "installed")
     61: test_check("rio", reporter = "summary")
     An irrecoverable exception occurred. R is aborting now ...
Flavor: r-devel-linux-x86_64-fedora-gcc

Version: 0.5.27
Check: tests
Result: ERROR
     Running 'test-all.R' [18s]
    Running the tests in 'tests/test-all.R' failed.
    Complete output:
     > library("testthat")
     > library("rio")
     > test_check("rio", reporter = "summary")
     arg_reconcile:
     Reconcile user-supplied arguments with target function's call signature: ...................................
     characterize:
     characterize()/factorize(): ......
     compress:
     Compressed files: ..... adding: iris.csv (deflated 78%)
     .....
     convert:
     Convert: ......
     errors:
     Errors: .......... variable class width columns
     X1 X1 numeric 2 3-2
     ..
     export_list:
     Test export_list(): .............
     extensions:
     Extensions: ...
     format_R:
     R dump imports/exports: ....
     format_arff:
     Weka (.arff) imports/exports: ..
     format_csv:
     CSV imports/exports: ........
     CSV (.csv2) imports/exports: ..........
     format_csv_gz:
     .csv.gz imports/exports: ..
     format_csvy:
     CSVY imports/exports: ..
     format_dbf:
     XBASE (.dbf) imports/exports: ...
     format_dif:
     DIF imports/exports: .
     format_dta:
     Stata (.dta) imports/exports: ..........
     format_eviews:
     EViews import: .
     format_external_packages:
     External package Import/Export support: ...............
     format_feather:
     feather imports/exports: ..
     format_fortran:
     Fortran imports/exports: .
     format_fst:
     fst imports/exports: ..
     format_fwf:
     FWF imports/exports: ...W...........
     format_html:
     HTML imports/exports: .........
     format_json:
     JSON imports/exports: .....
     format_matlab:
     rmatio imports/exports: ...
     format_mtp:
     Minitab (.mtp) imports/exports:
     format_ods:
     ODS imports/exports: .......
     format_parquet:
     Parquet imports/exports: ..
     format_psv:
     PSV imports/exports: ..
     format_pzfx:
     pzfx imports/exports: ...
     format_rdata:
     Rdata imports/exports: ...........
     format_rds:
     Rds imports/exports: ......
     format_rec:
     Epiinfo (.rec) imports/exports:
     format_sas:
     SAS imports/exports: ...
     format_sav:
     SPSS (.sav) imports/exports: ......................
     format_syd:
     Systat (.syd) imports/exports: .
     format_tsv:
     TSV imports/exports: ..
     format_xls:
     Excel (xlsx) imports/exports: ............
     format_xml:
     XML imports/exports: ..WWWWW.
     format_yml:
     YAML imports/exports: ....
     gather_attrs:
     Gather attrs: ......................
     guess:
     Get File Extension: ..............
     identical:
     Check Data Identical: ..............WWWWWWWWWWW....
     import_list:
     Test import_list(): .................... adding: mtcars.csv (deflated 58%)
     .........
     install_formats:
     Install uninstalled formats: S...
     is_file_text:
     correctly identifying files as text vs binary: ...................
Flavor: r-devel-windows-x86_64

Version: 0.5.27
Check: tests
Result: ERROR
     Running 'test-all.R'
    Running the tests in 'tests/test-all.R' failed.
    Complete output:
     > library("testthat")
     > library("rio")
     > test_check("rio", reporter = "summary")
     arg_reconcile:
     Reconcile user-supplied arguments with target function's call signature: ...................................
     characterize:
     characterize()/factorize(): ......
     compress:
     Compressed files: ..... adding: iris.csv (deflated 78%)
     .....
     convert:
     Convert: ......
     errors:
     Errors: .......... variable class width columns
     X1 X1 numeric 2 3-2
     ..
     export_list:
     Test export_list(): .............
     extensions:
     Extensions: ...
     format_R:
     R dump imports/exports: ....
     format_arff:
     Weka (.arff) imports/exports: ..
     format_csv:
     CSV imports/exports: ........
     CSV (.csv2) imports/exports: ..........
     format_csv_gz:
     .csv.gz imports/exports: ..
     format_csvy:
     CSVY imports/exports: ..
     format_dbf:
     XBASE (.dbf) imports/exports: ...
     format_dif:
     DIF imports/exports: .
     format_dta:
     Stata (.dta) imports/exports: ..........
     format_eviews:
     EViews import: .
     format_external_packages:
     External package Import/Export support: ...............
     format_feather:
     feather imports/exports: ..
     format_fortran:
     Fortran imports/exports: .
     format_fst:
     fst imports/exports: ..
     format_fwf:
     FWF imports/exports: ...W...........
     format_html:
     HTML imports/exports: .........
     format_json:
     JSON imports/exports: .....
     format_matlab:
     rmatio imports/exports: ...
     format_mtp:
     Minitab (.mtp) imports/exports:
     format_ods:
     ODS imports/exports: .......
     format_parquet:
     Parquet imports/exports: ..
     format_psv:
     PSV imports/exports: ..
     format_pzfx:
     pzfx imports/exports: ...
     format_rdata:
     Rdata imports/exports: ...........
     format_rds:
     Rds imports/exports: ......
     format_rec:
     Epiinfo (.rec) imports/exports:
     format_sas:
     SAS imports/exports: ...
     format_sav:
     SPSS (.sav) imports/exports: ......................
     format_syd:
     Systat (.syd) imports/exports: .
     format_tsv:
     TSV imports/exports: ..
     format_xls:
     Excel (xlsx) imports/exports: ............
     format_xml:
     XML imports/exports: ..WWWWW.
     format_yml:
     YAML imports/exports: ....
     gather_attrs:
     Gather attrs: ......................
     guess:
     Get File Extension: ..............
     identical:
     Check Data Identical: ..............WWWWWWWWWWW....
     import_list:
     Test import_list(): .................... adding: mtcars.csv (deflated 58%)
     .........
     install_formats:
     Install uninstalled formats: S...
     is_file_text:
     correctly identifying files as text vs binary: ...................
Flavor: r-devel-windows-x86_64-gcc10-UCRT

Version: 0.5.27
Check: tests
Result: ERROR
     Running ‘test-all.R’ [23s/28s]
    Running the tests in ‘tests/test-all.R’ failed.
    Complete output:
     > library("testthat")
     > library("rio")
     > test_check("rio", reporter = "summary")
     arg_reconcile:
     Reconcile user-supplied arguments with target function's call signature: ...................................
     characterize:
     characterize()/factorize(): ......
     compress:
     Compressed files: ..... adding: iris.csv (deflated 78%)
     .....
     convert:
     Convert: ......
     errors:
     Errors: .......... variable class width columns
     X1 X1 numeric 2 3-2
     ..
     export_list:
     Test export_list(): .............
     extensions:
     Extensions: ...
     format_R:
     R dump imports/exports: ....
     format_arff:
     Weka (.arff) imports/exports: ..
     format_csv:
     CSV imports/exports: ........
     CSV (.csv2) imports/exports: ..........
     format_csv_gz:
     .csv.gz imports/exports: ..
     format_csvy:
     CSVY imports/exports: ..
     format_dbf:
     XBASE (.dbf) imports/exports: ...
     format_dif:
     DIF imports/exports: .
     format_dta:
     Stata (.dta) imports/exports: ..........
     format_eviews:
     EViews import: .
     format_external_packages:
     External package Import/Export support: ...............
     format_feather:
     feather imports/exports: ..
     format_fortran:
     Fortran imports/exports: .
     format_fst:
     fst imports/exports: ..
     format_fwf:
     FWF imports/exports: ...W...........
     format_html:
     HTML imports/exports: .........
     format_json:
     JSON imports/exports: .....
     format_matlab:
     rmatio imports/exports: ...
     format_mtp:
     Minitab (.mtp) imports/exports:
     format_ods:
     ODS imports/exports: .......
     format_parquet:
     Parquet imports/exports: ..
     format_psv:
     PSV imports/exports: ..
     format_pzfx:
     pzfx imports/exports: ...
     format_rdata:
     Rdata imports/exports: ...........
     format_rds:
     Rds imports/exports: ......
     format_rec:
     Epiinfo (.rec) imports/exports:
     format_sas:
     SAS imports/exports: ...
     format_sav:
     SPSS (.sav) imports/exports: ......................
     format_syd:
     Systat (.syd) imports/exports: .
     format_tsv:
     TSV imports/exports: ..
     format_xls:
     Excel (xlsx) imports/exports: ............
     format_xml:
     XML imports/exports: ..WWWWW.
     format_yml:
     YAML imports/exports: ....
     gather_attrs:
     Gather attrs: ......................
     guess:
     Get File Extension: ..............
     identical:
     Check Data Identical: ..............WWWWWWWWWWW....
     import_list:
     Test import_list(): .................... adding: mtcars.csv (deflated 58%)
     .........
     install_formats:
     Install uninstalled formats: S...
     is_file_text:
     correctly identifying files as text vs binary: .......................
     *** caught segfault ***
     address 0x562700000004, cause 'memory not mapped'
     Fatal error: *** recursive gc invocation
    
     Fatal error: *** recursive gc invocation
Flavor: r-release-linux-x86_64

Version: 0.5.27
Check: tests
Result: ERROR
     Running 'test-all.R' [22s]
    Running the tests in 'tests/test-all.R' failed.
    Complete output:
     > library("testthat")
     > library("rio")
     > test_check("rio", reporter = "summary")
     arg_reconcile:
     Reconcile user-supplied arguments with target function's call signature: ...................................
     characterize:
     characterize()/factorize(): ......
     compress:
     Compressed files: ..... adding: iris.csv (deflated 78%)
     .....
     convert:
     Convert: ......
     errors:
     Errors: .......... variable class width columns
     X1 X1 numeric 2 3-2
     ..
     export_list:
     Test export_list(): .............
     extensions:
     Extensions: ...
     format_R:
     R dump imports/exports: ....
     format_arff:
     Weka (.arff) imports/exports: ..
     format_csv:
     CSV imports/exports: ........
     CSV (.csv2) imports/exports: ..........
     format_csv_gz:
     .csv.gz imports/exports: ..
     format_csvy:
     CSVY imports/exports: ..
     format_dbf:
     XBASE (.dbf) imports/exports: ...
     format_dif:
     DIF imports/exports: .
     format_dta:
     Stata (.dta) imports/exports: ..........
     format_eviews:
     EViews import: .
     format_external_packages:
     External package Import/Export support: ...............
     format_feather:
     feather imports/exports: ..
     format_fortran:
     Fortran imports/exports: .
     format_fst:
     fst imports/exports: ..
     format_fwf:
     FWF imports/exports: ...W...........
     format_html:
     HTML imports/exports: .........
     format_json:
     JSON imports/exports: .....
     format_matlab:
     rmatio imports/exports: ...
     format_mtp:
     Minitab (.mtp) imports/exports:
     format_ods:
     ODS imports/exports: .......
     format_parquet:
     Parquet imports/exports: ..
     format_psv:
     PSV imports/exports: ..
     format_pzfx:
     pzfx imports/exports: ...
     format_rdata:
     Rdata imports/exports: ...........
     format_rds:
     Rds imports/exports: ......
     format_rec:
     Epiinfo (.rec) imports/exports:
     format_sas:
     SAS imports/exports: ...
     format_sav:
     SPSS (.sav) imports/exports: ......................
     format_syd:
     Systat (.syd) imports/exports: .
     format_tsv:
     TSV imports/exports: ..
     format_xls:
     Excel (xlsx) imports/exports: ............
     format_xml:
     XML imports/exports: .
Flavor: r-oldrel-windows-ix86+x86_64