CRAN Package Check Results for Package riverdist

Last updated on 2021-10-28 19:52:11 CEST.

Flavor Version Tinstall Tcheck Ttotal Status Flags
r-devel-linux-x86_64-debian-clang 0.15.4 13.65 146.36 160.01 OK
r-devel-linux-x86_64-debian-gcc 0.15.4 11.32 106.68 118.00 OK
r-devel-linux-x86_64-fedora-clang 0.15.4 201.50 OK
r-devel-linux-x86_64-fedora-gcc 0.15.4 189.44 OK
r-devel-windows-x86_64 0.15.4 21.00 145.00 166.00 OK
r-devel-windows-x86_64-gcc10-UCRT 0.15.4 OK
r-patched-linux-x86_64 0.15.4 14.29 139.95 154.24 OK
r-patched-solaris-x86 0.15.4 226.30 NOTE
r-release-linux-x86_64 0.15.4 13.10 138.95 152.05 OK
r-release-macos-arm64 0.15.4 OK
r-release-macos-x86_64 0.15.4 OK
r-release-windows-ix86+x86_64 0.15.4 15.00 175.00 190.00 OK
r-oldrel-macos-x86_64 0.15.4 OK
r-oldrel-windows-ix86+x86_64 0.15.4 16.00 173.00 189.00 OK

Check Details

Version: 0.15.4
Check: installed package size
Result: NOTE
     installed size is 5.3Mb
     sub-directories of 1Mb or more:
     data 3.6Mb
Flavor: r-patched-solaris-x86