CRAN Package Check Results for Package rknn

Last updated on 2021-10-17 07:50:55 CEST.

Flavor Version Tinstall Tcheck Ttotal Status Flags
r-devel-linux-x86_64-debian-clang 1.2-1 4.65 29.82 34.47 NOTE
r-devel-linux-x86_64-debian-gcc 1.2-1 3.10 23.35 26.45 NOTE
r-devel-linux-x86_64-fedora-clang 1.2-1 51.54 NOTE
r-devel-linux-x86_64-fedora-gcc 1.2-1 42.73 NOTE
r-devel-windows-x86_64 1.2-1 7.00 44.00 51.00 NOTE
r-devel-windows-x86_64-gcc10-UCRT 1.2-1 NOTE
r-patched-linux-x86_64 1.2-1 4.45 28.91 33.36 NOTE
r-patched-solaris-x86 1.2-1 61.60 NOTE
r-release-linux-x86_64 1.2-1 3.76 28.76 32.52 NOTE
r-release-macos-arm64 1.2-1 NOTE
r-release-macos-x86_64 1.2-1 NOTE
r-release-windows-ix86+x86_64 1.2-1 10.00 62.00 72.00 NOTE
r-oldrel-macos-x86_64 1.2-1 NOTE
r-oldrel-windows-ix86+x86_64 1.2-1 13.00 65.00 78.00 NOTE

Check Details

Version: 1.2-1
Check: R code for possible problems
Result: NOTE
    cv.coef: no visible global function definition for 'sd'
    normalize.softmax: no visible global function definition for 'plogis'
    plot.rknnSupport: no visible global function definition for 'dotchart'
    predicted: no visible global function definition for 'influence'
    predicted: no visible global function definition for 'fitted'
    predicted: no visible global function definition for 'resid'
    pressresid: no visible global function definition for 'influence'
    pressresid: no visible global function definition for 'resid'
    Undefined global functions or variables:
     dotchart fitted influence plogis resid sd
    Consider adding
     importFrom("graphics", "dotchart")
     importFrom("stats", "fitted", "influence", "plogis", "resid", "sd")
    to your NAMESPACE file.
Flavors: r-devel-linux-x86_64-debian-clang, r-devel-linux-x86_64-debian-gcc, r-devel-linux-x86_64-fedora-clang, r-devel-linux-x86_64-fedora-gcc, r-devel-windows-x86_64, r-devel-windows-x86_64-gcc10-UCRT, r-patched-linux-x86_64, r-patched-solaris-x86, r-release-linux-x86_64, r-release-macos-arm64, r-release-macos-x86_64, r-release-windows-ix86+x86_64, r-oldrel-macos-x86_64, r-oldrel-windows-ix86+x86_64

Version: 1.2-1
Check: package dependencies
Result: NOTE
    Package suggested but not available for checking: 'genefilter'
Flavor: r-devel-windows-x86_64-gcc10-UCRT

Version: 1.2-1
Check: package dependencies
Result: NOTE
    Packages suggested but not available for checking:
     'genefilter', 'golubEsets'
Flavor: r-release-macos-arm64

Version: 1.2-1
Check: package dependencies
Result: NOTE
    Package suggested but not available for checking: ‘golubEsets’
Flavors: r-release-macos-x86_64, r-oldrel-macos-x86_64