CRAN Package Check Results for Package rlist

Last updated on 2021-09-20 22:55:48 CEST.

Flavor Version Tinstall Tcheck Ttotal Status Flags
r-devel-linux-x86_64-debian-clang 0.4.6.2 4.51 42.40 46.91 OK
r-devel-linux-x86_64-debian-gcc 0.4.6.2 3.40 31.96 35.36 OK
r-devel-linux-x86_64-fedora-clang 0.4.6.2 65.25 OK
r-devel-linux-x86_64-fedora-gcc 0.4.6.2 56.07 OK
r-devel-windows-x86_64 0.4.6.2 6.00 51.00 57.00 OK
r-devel-windows-x86_64-gcc10-UCRT 0.4.6.2 ERROR
r-patched-linux-x86_64 0.4.6.2 5.11 39.97 45.08 OK
r-patched-solaris-x86 0.4.6.2 74.80 OK
r-release-linux-x86_64 0.4.6.2 3.92 39.99 43.91 OK
r-release-macos-arm64 0.4.6.2 OK
r-release-macos-x86_64 0.4.6.2 OK
r-release-windows-ix86+x86_64 0.4.6.2 9.00 46.00 55.00 OK
r-oldrel-macos-x86_64 0.4.6.2 OK
r-oldrel-windows-ix86+x86_64 0.4.6.2 9.00 48.00 57.00 OK

Check Details

Version: 0.4.6.2
Check: package dependencies
Result: ERROR
    Package required but not available: 'XML'
    
    See section 'The DESCRIPTION file' in the 'Writing R Extensions'
    manual.
Flavor: r-devel-windows-x86_64-gcc10-UCRT