CRAN Package Check Results for Package rlme

Last updated on 2021-09-22 13:53:01 CEST.

Flavor Version Tinstall Tcheck Ttotal Status Flags
r-devel-linux-x86_64-debian-clang 0.5 53.15 107.85 161.00 OK
r-devel-linux-x86_64-debian-gcc 0.5 36.88 83.57 120.45 OK
r-devel-linux-x86_64-fedora-clang 0.5 219.08 OK
r-devel-linux-x86_64-fedora-gcc 0.5 207.62 OK
r-devel-windows-x86_64 0.5 53.00 105.00 158.00 OK
r-devel-windows-x86_64-gcc10-UCRT 0.5 ERROR
r-patched-linux-x86_64 0.5 45.93 104.59 150.52 OK
r-patched-solaris-x86 0.5 247.90 OK
r-release-linux-x86_64 0.5 44.80 104.72 149.52 OK
r-release-macos-arm64 0.5 OK
r-release-macos-x86_64 0.5 OK
r-release-windows-ix86+x86_64 0.5 120.00 141.00 261.00 OK
r-oldrel-macos-x86_64 0.5 OK
r-oldrel-windows-ix86+x86_64 0.5 92.00 140.00 232.00 OK

Check Details

Version: 0.5
Check: whether package can be installed
Result: ERROR
    Installation failed.
Flavor: r-devel-windows-x86_64-gcc10-UCRT