CRAN Package Check Results for Package rma.exact

Last updated on 2021-10-19 10:51:05 CEST.

Flavor Version Tinstall Tcheck Ttotal Status Flags
r-devel-linux-x86_64-debian-clang 0.1.0 2.93 29.75 32.68 NOTE
r-devel-linux-x86_64-debian-gcc 0.1.0 2.23 22.29 24.52 NOTE
r-devel-linux-x86_64-fedora-clang 0.1.0 49.77 NOTE
r-devel-linux-x86_64-fedora-gcc 0.1.0 39.03 NOTE
r-devel-windows-x86_64 0.1.0 5.00 39.00 44.00 NOTE
r-devel-windows-x86_64-gcc10-UCRT 0.1.0 NOTE
r-patched-linux-x86_64 0.1.0 3.25 28.34 31.59 NOTE
r-patched-solaris-x86 0.1.0 60.20 NOTE
r-release-linux-x86_64 0.1.0 2.52 28.71 31.23 NOTE
r-release-macos-arm64 0.1.0 NOTE
r-release-macos-x86_64 0.1.0 NOTE
r-release-windows-ix86+x86_64 0.1.0 5.00 50.00 55.00 NOTE
r-oldrel-macos-x86_64 0.1.0 OK
r-oldrel-windows-ix86+x86_64 0.1.0 6.00 50.00 56.00 OK

Check Details

Version: 0.1.0
Check: LazyData
Result: NOTE
     'LazyData' is specified without a 'data' directory
Flavors: r-devel-linux-x86_64-debian-clang, r-devel-linux-x86_64-debian-gcc, r-devel-linux-x86_64-fedora-clang, r-devel-linux-x86_64-fedora-gcc, r-devel-windows-x86_64, r-devel-windows-x86_64-gcc10-UCRT, r-patched-linux-x86_64, r-patched-solaris-x86, r-release-linux-x86_64, r-release-macos-arm64, r-release-macos-x86_64, r-release-windows-ix86+x86_64