CRAN Package Check Results for Package rminizinc

Last updated on 2021-09-21 04:55:32 CEST.

Flavor Version Tinstall Tcheck Ttotal Status Flags
r-devel-linux-x86_64-debian-clang 0.0.7 69.76 66.33 136.09 WARN
r-devel-linux-x86_64-debian-gcc 0.0.7 50.72 51.04 101.76 WARN
r-devel-linux-x86_64-fedora-clang 0.0.7 194.17 NOTE
r-devel-linux-x86_64-fedora-gcc 0.0.7 170.36 OK
r-devel-windows-x86_64 0.0.7 85.00 75.00 160.00 NOTE
r-devel-windows-x86_64-gcc10-UCRT 0.0.7 ERROR
r-patched-linux-x86_64 0.0.7 61.10 62.07 123.17 WARN
r-patched-solaris-x86 0.0.7 181.90 OK
r-release-linux-x86_64 0.0.7 57.80 62.12 119.92 WARN
r-release-macos-arm64 0.0.7 NOTE
r-release-macos-x86_64 0.0.7 NOTE
r-release-windows-ix86+x86_64 0.0.7 162.00 88.00 250.00 NOTE
r-oldrel-macos-x86_64 0.0.7 NOTE
r-oldrel-windows-ix86+x86_64 0.0.7 163.00 83.00 246.00 NOTE

Check Details

Version: 0.0.7
Check: top-level files
Result: WARN
     Output from running autoreconf:
     configure.ac:39: warning: The macro `AC_HELP_STRING' is obsolete.
     configure.ac:39: You should run autoupdate.
     ./lib/autoconf/general.m4:204: AC_HELP_STRING is expanded from...
     ./lib/autoconf/general.m4:1553: AC_ARG_WITH is expanded from...
     configure.ac:39: the top level
     configure.ac:127: warning: The macro `AC_HELP_STRING' is obsolete.
     configure.ac:127: You should run autoupdate.
     ./lib/autoconf/general.m4:204: AC_HELP_STRING is expanded from...
     ./lib/autoconf/general.m4:1553: AC_ARG_WITH is expanded from...
     configure.ac:127: the top level
Flavors: r-devel-linux-x86_64-debian-clang, r-devel-linux-x86_64-debian-gcc, r-patched-linux-x86_64, r-release-linux-x86_64

Version: 0.0.7
Check: installed package size
Result: NOTE
     installed size is 6.9Mb
     sub-directories of 1Mb or more:
     libs 1.1Mb
     minizinc 3.4Mb
Flavors: r-devel-linux-x86_64-fedora-clang, r-devel-windows-x86_64, r-release-macos-arm64, r-release-macos-x86_64, r-release-windows-ix86+x86_64, r-oldrel-macos-x86_64, r-oldrel-windows-ix86+x86_64

Version: 0.0.7
Check: package dependencies
Result: ERROR
    Package required but not available: 'rlist'
    
    See section 'The DESCRIPTION file' in the 'Writing R Extensions'
    manual.
Flavor: r-devel-windows-x86_64-gcc10-UCRT