CRAN Package Check Results for Package roadoi

Last updated on 2021-09-21 13:52:42 CEST.

Flavor Version Tinstall Tcheck Ttotal Status Flags
r-devel-linux-x86_64-debian-clang 0.7.1 5.40 59.83 65.23 OK
r-devel-linux-x86_64-debian-gcc 0.7.1 4.36 43.69 48.05 OK
r-devel-linux-x86_64-fedora-clang 0.7.1 87.04 OK
r-devel-linux-x86_64-fedora-gcc 0.7.1 72.71 OK
r-devel-windows-x86_64 0.7.1 7.00 66.00 73.00 OK
r-devel-windows-x86_64-gcc10-UCRT 0.7.1 ERROR
r-patched-linux-x86_64 0.7.1 5.69 54.68 60.37 OK
r-patched-solaris-x86 0.7.1 106.10 OK
r-release-linux-x86_64 0.7.1 5.12 54.66 59.78 OK
r-release-macos-arm64 0.7.1 OK
r-release-macos-x86_64 0.7.1 OK
r-release-windows-ix86+x86_64 0.7.1 15.00 66.00 81.00 OK
r-oldrel-macos-x86_64 0.7.1 OK
r-oldrel-windows-ix86+x86_64 0.7.1 16.00 59.00 75.00 OK

Check Details

Version: 0.7.1
Check: whether package can be installed
Result: WARN
    Found the following significant warnings:
     WARNING: installation-time patches will not be applied, could not get the patches index
Flavor: r-devel-windows-x86_64-gcc10-UCRT

Version: 0.7.1
Check: PDF version of manual
Result: WARN
    LaTeX errors when creating PDF version.
    This typically indicates Rd problems.
Flavor: r-devel-windows-x86_64-gcc10-UCRT

Version: 0.7.1
Check: PDF version of manual without hyperrefs or index
Result: ERROR
    Re-running with no redirection of stdout/stderr.
Flavor: r-devel-windows-x86_64-gcc10-UCRT