CRAN Package Check Results for Package rockchalk

Last updated on 2021-10-19 04:52:04 CEST.

Flavor Version Tinstall Tcheck Ttotal Status Flags
r-devel-linux-x86_64-debian-clang 1.8.144 16.09 187.35 203.44 OK
r-devel-linux-x86_64-debian-gcc 1.8.144 11.95 141.23 153.18 OK
r-devel-linux-x86_64-fedora-clang 1.8.144 275.98 NOTE
r-devel-linux-x86_64-fedora-gcc 1.8.144 264.72 OK
r-devel-windows-x86_64 1.8.144 23.00 209.00 232.00 OK
r-devel-windows-x86_64-gcc10-UCRT 1.8.144 OK
r-patched-linux-x86_64 1.8.144 15.26 180.27 195.53 OK
r-patched-solaris-x86 1.8.144 349.50 OK
r-release-linux-x86_64 1.8.144 16.28 185.10 201.38 OK
r-release-macos-arm64 1.8.144 OK
r-release-macos-x86_64 1.8.144 OK
r-release-windows-ix86+x86_64 1.8.144 19.00 252.00 271.00 OK
r-oldrel-macos-x86_64 1.8.144 OK
r-oldrel-windows-ix86+x86_64 1.8.144 32.00 261.00 293.00 OK

Check Details

Version: 1.8.144
Check: Rd cross-references
Result: NOTE
    Undeclared packages ‘mvtnorm’, ‘scatterplot3d’, ‘HH’ in Rd xrefs
Flavor: r-devel-linux-x86_64-fedora-clang