CRAN Package Check Results for Package rococo

Last updated on 2021-09-23 07:49:56 CEST.

Flavor Version Tinstall Tcheck Ttotal Status Flags
r-devel-linux-x86_64-debian-clang 1.1.7 45.27 45.96 91.23 OK
r-devel-linux-x86_64-debian-gcc 1.1.7 28.30 35.46 63.76 OK
r-devel-linux-x86_64-fedora-clang 1.1.7 131.52 OK
r-devel-linux-x86_64-fedora-gcc 1.1.7 109.58 OK
r-devel-windows-x86_64 1.1.7 52.00 61.00 113.00 OK
r-devel-windows-x86_64-gcc10-UCRT 1.1.7 ERROR
r-patched-linux-x86_64 1.1.7 35.34 43.56 78.90 OK
r-patched-solaris-x86 1.1.7 122.80 OK
r-release-linux-x86_64 1.1.7 34.50 43.76 78.26 OK
r-release-macos-arm64 1.1.7 OK
r-release-macos-x86_64 1.1.7 OK
r-release-windows-ix86+x86_64 1.1.7 106.00 73.00 179.00 OK
r-oldrel-macos-x86_64 1.1.7 OK
r-oldrel-windows-ix86+x86_64 1.1.7 106.00 73.00 179.00 OK

Check Details

Version: 1.1.7
Check: whether package can be installed
Result: ERROR
    Installation failed.
Flavor: r-devel-windows-x86_64-gcc10-UCRT