CRAN Package Check Results for Package roistats

Last updated on 2021-09-21 07:50:32 CEST.

Flavor Version Tinstall Tcheck Ttotal Status Flags
r-devel-linux-x86_64-debian-clang 0.1.1 4.12 49.96 54.08 OK
r-devel-linux-x86_64-debian-gcc 0.1.1 2.99 38.13 41.12 OK
r-devel-linux-x86_64-fedora-clang 0.1.1 73.87 OK
r-devel-linux-x86_64-fedora-gcc 0.1.1 60.39 OK
r-devel-windows-x86_64 0.1.1 6.00 56.00 62.00 OK
r-devel-windows-x86_64-gcc10-UCRT 0.1.1 ERROR
r-patched-linux-x86_64 0.1.1 4.40 46.10 50.50 OK
r-patched-solaris-x86 0.1.1 89.30 OK
r-release-linux-x86_64 0.1.1 4.11 45.98 50.09 OK
r-release-macos-arm64 0.1.1 OK
r-release-macos-x86_64 0.1.1 OK
r-release-windows-ix86+x86_64 0.1.1 11.00 53.00 64.00 OK
r-oldrel-macos-x86_64 0.1.1 OK
r-oldrel-windows-ix86+x86_64 0.1.1 12.00 49.00 61.00 OK

Check Details

Version: 0.1.1
Check: whether package can be installed
Result: WARN
    Found the following significant warnings:
     WARNING: installation-time patches will not be applied, could not get the patches index
Flavor: r-devel-windows-x86_64-gcc10-UCRT

Version: 0.1.1
Check: PDF version of manual
Result: WARN
    LaTeX errors when creating PDF version.
    This typically indicates Rd problems.
Flavor: r-devel-windows-x86_64-gcc10-UCRT

Version: 0.1.1
Check: PDF version of manual without hyperrefs or index
Result: ERROR
    Re-running with no redirection of stdout/stderr.
Flavor: r-devel-windows-x86_64-gcc10-UCRT